{"id":10042,"date":"2023-02-09T18:59:26","date_gmt":"2023-02-09T16:59:26","guid":{"rendered":"https:\/\/congressiconvegni.it\/?post_type=ajde_events&#038;p=10042"},"modified":"2023-02-09T19:02:16","modified_gmt":"2023-02-09T17:02:16","slug":"webinar-accreditato-ecm","status":"publish","type":"ajde_events","link":"https:\/\/congressiconvegni.it\/en\/eventi\/webinar-accreditato-ecm\/","title":{"rendered":"La malattia celiaca e l\u2019et\u00e0 pediatrica: facciamo insieme questo percorso"},"content":{"rendered":"<p>La malattia celiaca accompagna la storia della Pediatria. Dal 1887, quando Samuel Gee al Great Ormond Street Hospital di Londra descriveva il quadro clinico della malattia e asseriva che l\u2019unica terapia era la dieta, si \u00e8 passati al 1944 con l\u2019intuizione, da parte del Pediatra Karel Dicke durante l\u2019inverno della carestia olandese legata alla Seconda Guerra Mondiale, che il frumento potesse essere l\u2019alimento responsabile della sindrome da malassorbimento. John Paulley nel 1954 metteva in relazione l\u2019atrofia dei villi alla malattia celiaca e negli anni 60 venivano individuati gli aplotipi di predisposizione genetica, cos\u00ec come si capiva che la dermatite erpetiforme era la manifestazione cutanea di questa condizione. A riprova che la Pediatria ha sempre giocato un ruolo di primo piano, nel 1969 la Societ\u00e0 Europea di Gastroenterologia Pediatrica (ESPGHAN) formulava il primo protocollo diagnostico.<\/p>\n\n\n\n<p>I progressi tecnologici che hanno accompagnato l\u2019acquisizione di nuove conoscenze, hanno consentito l\u2019esecuzione di biopsie intestinali anche ai pazienti pediatrici, mentre l\u2019avvento di nuovi esami sierologici ha consentito di disegnare l\u2019impatto della malattia celiaca a livello epidemiologico globale. Ci\u00f2 ha condotto l\u2019ESPGHAN ad aggiornare continuamente i protocolli di diagnosi nel 1990, nel 2012 fino al 2020.<\/p>\n\n\n\n<p>Anche se \u00e8 noto come la malattia celiaca possa manifestarsi ad ogni et\u00e0 e con quadri clinici molto diversi, ancora oggi la diagnosi \u00e8 spesso tardiva, perch\u00e9 misconosciuta in et\u00e0 pediatrica. La sua variabilit\u00e0 clinica, infatti, richiede un\u2019attenzione costante in questa fascia di et\u00e0 e, dopo la diagnosi, una particolare cura e delicatezza nel follow-up, per garantire al bambino un adeguato sviluppo psico-fisico e accompagnarlo durante la difficile et\u00e0 adolescenziale.<\/p>\n\n\n\n<p>Questo corso si pone quindi l\u2019obbiettivo di focalizzare, secondo le pi\u00f9 aggiornate ricerche scientifiche ed epidemiologiche, i punti essenziali per una corretta diagnosi e presa in cura della malattia celiaca nell\u2019et\u00e0 pediatrica, una stagione importante e delicata della vita umana, la cui corretta gestione influisce sullo stato di salute e la qualit\u00e0 di vita degli anni a venire.<\/p>","protected":false},"author":2,"featured_media":8566,"menu_order":0,"comment_status":"open","ping_status":"closed","template":"","meta":{"jetpack_post_was_ever_published":false},"tags":[22,325,85,176,414],"event_type":[304,285,308,417],"event_type_2":[],"class_list":["post-10042","ajde_events","type-ajde_events","status-publish","has-post-thumbnail","hentry","tag-agenzia-organizzazione-eventi","tag-celiachia","tag-ecm","tag-organizzazione-congressi","tag-webinar","event_type-celiachia","event_type-convegno-ecm","event_type-corso-ecm","event_type-webinar"],"jetpack_sharing_enabled":true,"_links":{"self":[{"href":"https:\/\/congressiconvegni.it\/en\/wp-json\/wp\/v2\/ajde_events\/10042","targetHints":{"allow":["GET"]}}],"collection":[{"href":"https:\/\/congressiconvegni.it\/en\/wp-json\/wp\/v2\/ajde_events"}],"about":[{"href":"https:\/\/congressiconvegni.it\/en\/wp-json\/wp\/v2\/types\/ajde_events"}],"author":[{"embeddable":true,"href":"https:\/\/congressiconvegni.it\/en\/wp-json\/wp\/v2\/users\/2"}],"replies":[{"embeddable":true,"href":"https:\/\/congressiconvegni.it\/en\/wp-json\/wp\/v2\/comments?post=10042"}],"wp:featuredmedia":[{"embeddable":true,"href":"https:\/\/congressiconvegni.it\/en\/wp-json\/wp\/v2\/media\/8566"}],"wp:attachment":[{"href":"https:\/\/congressiconvegni.it\/en\/wp-json\/wp\/v2\/media?parent=10042"}],"wp:term":[{"taxonomy":"post_tag","embeddable":true,"href":"https:\/\/congressiconvegni.it\/en\/wp-json\/wp\/v2\/tags?post=10042"},{"taxonomy":"event_type","embeddable":true,"href":"https:\/\/congressiconvegni.it\/en\/wp-json\/wp\/v2\/event_type?post=10042"},{"taxonomy":"event_type_2","embeddable":true,"href":"https:\/\/congressiconvegni.it\/en\/wp-json\/wp\/v2\/event_type_2?post=10042"}],"curies":[{"name":"wp","href":"https:\/\/api.w.org\/{rel}","templated":true}]}}

La malattia celiaca e l’età pediatrica: facciamo insieme questo percorso

<p>La malattia celiaca accompagna la storia della Pediatria. Dal 1887, quando Samuel Gee al Great Ormond Street Hospital di Londra descriveva il quadro clinico della malattia e asseriva che l’unica terapia era la dieta, si è passati al 1944 con l’intuizione, da parte del Pediatra Karel Dicke durante l’inverno della carestia olandese legata alla Seconda Guerra Mondiale, che il frumento potesse essere l’alimento responsabile della sindrome da malassorbimento. John Paulley nel 1954 metteva in relazione l’atrofia dei villi alla malattia celiaca e negli anni 60 venivano individuati gli aplotipi di predisposizione genetica, così come si capiva che la dermatite erpetiforme era la manifestazione cutanea di questa condizione. A riprova che la Pediatria ha sempre giocato un ruolo di primo piano, nel 1969 la Società Europea di Gastroenterologia Pediatrica (ESPGHAN) formulava il primo protocollo diagnostico.</p>



<p>I progressi tecnologici che hanno accompagnato l’acquisizione di nuove conoscenze, hanno consentito l’esecuzione di biopsie intestinali anche ai pazienti pediatrici, mentre l’avvento di nuovi esami sierologici ha consentito di disegnare l’impatto della malattia celiaca a livello epidemiologico globale. Ciò ha condotto l’ESPGHAN ad aggiornare continuamente i protocolli di diagnosi nel 1990, nel 2012 fino al 2020.</p>



<p>Anche se è noto come la malattia celiaca possa manifestarsi ad ogni età e con quadri clinici molto diversi, ancora oggi la diagnosi è spesso tardiva, perché misconosciuta in età pediatrica. La sua variabilità clinica, infatti, richiede un’attenzione costante in questa fascia di età e, dopo la diagnosi, una particolare cura e delicatezza nel follow-up, per garantire al bambino un adeguato sviluppo psico-fisico e accompagnarlo durante la difficile età adolescenziale.</p>



<p>Questo corso si pone quindi l’obbiettivo di focalizzare, secondo le più aggiornate ricerche scientifiche ed epidemiologiche, i punti essenziali per una corretta diagnosi e presa in cura della malattia celiaca nell’età pediatrica, una stagione importante e delicata della vita umana, la cui corretta gestione influisce sullo stato di salute e la qualità di vita degli anni a venire.</p>
