{"id":10709,"date":"2023-02-22T15:19:23","date_gmt":"2023-02-22T13:19:23","guid":{"rendered":"https:\/\/congressiconvegni.it\/eventi\/bio-attivatori-a-m-c-o-p-pescara\/"},"modified":"2023-02-22T15:20:53","modified_gmt":"2023-02-22T13:20:53","slug":"bio-attivatori-a-m-c-o-p-pescara","status":"publish","type":"ajde_events","link":"https:\/\/congressiconvegni.it\/en\/eventi\/bio-attivatori-a-m-c-o-p-pescara\/","title":{"rendered":"BIO-ATTIVATORI A.M.C.O.P. &#8211; PESCARA"},"content":{"rendered":"<p>ELASTIC ORTHODONTIC REHABILITATION SYSTEM, UN NUOVO APPROCCIO ORTODONTICO FUNZIONALE<\/p>\n\n\n\n<p>CORSO TEORICO PRATICO 2022<\/p>\n\n\n\n<p>Alla luce delle pi\u00f9 moderne conoscenze odontoiatriche, oggi possiamo sicuramente affermare che la stabilit\u00e0 occlusale \u00e8 il bene pi\u00f9 prezioso che l&#8217;odontoiatra deve preservare o, in caso di patologie. recuperare.<\/p>\n\n\n\n<p>Il programma propone un approccio sistematico alla Terapia Elastodontica con lo scopo di aiutare il clinico ad affrontare indifferentemente e con sicurezza qualsiasi trattamento ortodontico nei pazienti in crescita e nell&#8217;adulto, passando dal caso semplice al caso complesso.<\/p>\n\n\n\n<p><\/p>","protected":false},"author":2,"featured_media":8611,"menu_order":0,"comment_status":"open","ping_status":"closed","template":"","meta":{"jetpack_post_was_ever_published":false},"tags":[],"event_type":[308],"event_type_2":[],"class_list":["post-10709","ajde_events","type-ajde_events","status-publish","has-post-thumbnail","hentry","event_location-hotel-villa-michelangelo","event_type-corso-ecm"],"jetpack_sharing_enabled":true,"_links":{"self":[{"href":"https:\/\/congressiconvegni.it\/en\/wp-json\/wp\/v2\/ajde_events\/10709","targetHints":{"allow":["GET"]}}],"collection":[{"href":"https:\/\/congressiconvegni.it\/en\/wp-json\/wp\/v2\/ajde_events"}],"about":[{"href":"https:\/\/congressiconvegni.it\/en\/wp-json\/wp\/v2\/types\/ajde_events"}],"author":[{"embeddable":true,"href":"https:\/\/congressiconvegni.it\/en\/wp-json\/wp\/v2\/users\/2"}],"replies":[{"embeddable":true,"href":"https:\/\/congressiconvegni.it\/en\/wp-json\/wp\/v2\/comments?post=10709"}],"wp:featuredmedia":[{"embeddable":true,"href":"https:\/\/congressiconvegni.it\/en\/wp-json\/wp\/v2\/media\/8611"}],"wp:attachment":[{"href":"https:\/\/congressiconvegni.it\/en\/wp-json\/wp\/v2\/media?parent=10709"}],"wp:term":[{"taxonomy":"post_tag","embeddable":true,"href":"https:\/\/congressiconvegni.it\/en\/wp-json\/wp\/v2\/tags?post=10709"},{"taxonomy":"event_type","embeddable":true,"href":"https:\/\/congressiconvegni.it\/en\/wp-json\/wp\/v2\/event_type?post=10709"},{"taxonomy":"event_type_2","embeddable":true,"href":"https:\/\/congressiconvegni.it\/en\/wp-json\/wp\/v2\/event_type_2?post=10709"}],"curies":[{"name":"wp","href":"https:\/\/api.w.org\/{rel}","templated":true}]}}

<p>ELASTIC ORTHODONTIC REHABILITATION SYSTEM, UN NUOVO APPROCCIO ORTODONTICO FUNZIONALE</p>



<p>CORSO TEORICO PRATICO 2022</p>



<p>Alla luce delle più moderne conoscenze odontoiatriche, oggi possiamo sicuramente affermare che la stabilità occlusale è il bene più prezioso che l&#8217;odontoiatra deve preservare o, in caso di patologie. recuperare.</p>



<p>Il programma propone un approccio sistematico alla Terapia Elastodontica con lo scopo di aiutare il clinico ad affrontare indifferentemente e con sicurezza qualsiasi trattamento ortodontico nei pazienti in crescita e nell&#8217;adulto, passando dal caso semplice al caso complesso.</p>



<p></p>
