{"id":11125,"date":"2023-05-10T12:27:12","date_gmt":"2023-05-10T10:27:12","guid":{"rendered":"https:\/\/congressiconvegni.it\/eventi\/novita-terapeutiche-in-cardiologia\/"},"modified":"2023-05-29T12:28:43","modified_gmt":"2023-05-29T10:28:43","slug":"novita-terapeutiche-in-cardiologia","status":"publish","type":"ajde_events","link":"https:\/\/congressiconvegni.it\/en\/eventi\/novita-terapeutiche-in-cardiologia\/","title":{"rendered":"Novit\u00e0 terapeutiche in cardiologia"},"content":{"rendered":"<p>La prevalenza dello scompenso cardiaco \u00e8 in forte aumento; alla base di questo fenomeno vi \u00e8 probabilmente sia l\u2019incremento della durata media della vita sia l\u2019aumentata sopravvivenza dopo un evento coronarico acuto. Il paziente con scompenso cardiaco rappresenta una criticit\u00e0 per il nostro servizio sanitario nazionale perch\u00e8 pazienti con et\u00e0 &gt; 65 anni sono soggetti ad un elevato numero di ricoveri per questa patologia e molti di questi ricoveri sono legati alla difficolt\u00e0 dei setting territoriali di assistenza nell\u2019affrontare in modo appropriato le sfide che questa patologia propone. Il loro superamento \u00e8 perseguibile da un lato migliorando le competenze professionali e potenziando la formazione implementando il processo di integrazione ospedale &#8211; territorio. In questa ottica il lavoro di team tra MMG e specialista ospedaliero\/territoriale diviene indispensabile per garantire una corretta assistenza al paziente scompensato.<\/p>","protected":false},"author":2,"featured_media":10827,"menu_order":0,"comment_status":"open","ping_status":"closed","template":"","meta":{"jetpack_post_was_ever_published":false},"tags":[],"event_type":[285,308],"event_type_2":[],"class_list":["post-11125","ajde_events","type-ajde_events","status-publish","has-post-thumbnail","hentry","event_location-sede-del-polo-universitario","event_type-convegno-ecm","event_type-corso-ecm"],"jetpack_sharing_enabled":true,"_links":{"self":[{"href":"https:\/\/congressiconvegni.it\/en\/wp-json\/wp\/v2\/ajde_events\/11125","targetHints":{"allow":["GET"]}}],"collection":[{"href":"https:\/\/congressiconvegni.it\/en\/wp-json\/wp\/v2\/ajde_events"}],"about":[{"href":"https:\/\/congressiconvegni.it\/en\/wp-json\/wp\/v2\/types\/ajde_events"}],"author":[{"embeddable":true,"href":"https:\/\/congressiconvegni.it\/en\/wp-json\/wp\/v2\/users\/2"}],"replies":[{"embeddable":true,"href":"https:\/\/congressiconvegni.it\/en\/wp-json\/wp\/v2\/comments?post=11125"}],"wp:featuredmedia":[{"embeddable":true,"href":"https:\/\/congressiconvegni.it\/en\/wp-json\/wp\/v2\/media\/10827"}],"wp:attachment":[{"href":"https:\/\/congressiconvegni.it\/en\/wp-json\/wp\/v2\/media?parent=11125"}],"wp:term":[{"taxonomy":"post_tag","embeddable":true,"href":"https:\/\/congressiconvegni.it\/en\/wp-json\/wp\/v2\/tags?post=11125"},{"taxonomy":"event_type","embeddable":true,"href":"https:\/\/congressiconvegni.it\/en\/wp-json\/wp\/v2\/event_type?post=11125"},{"taxonomy":"event_type_2","embeddable":true,"href":"https:\/\/congressiconvegni.it\/en\/wp-json\/wp\/v2\/event_type_2?post=11125"}],"curies":[{"name":"wp","href":"https:\/\/api.w.org\/{rel}","templated":true}]}}

Novità terapeutiche in cardiologia

<p>La prevalenza dello scompenso cardiaco è in forte aumento; alla base di questo fenomeno vi è probabilmente sia l’incremento della durata media della vita sia l’aumentata sopravvivenza dopo un evento coronarico acuto. Il paziente con scompenso cardiaco rappresenta una criticità per il nostro servizio sanitario nazionale perchè pazienti con età &gt; 65 anni sono soggetti ad un elevato numero di ricoveri per questa patologia e molti di questi ricoveri sono legati alla difficoltà dei setting territoriali di assistenza nell’affrontare in modo appropriato le sfide che questa patologia propone. Il loro superamento è perseguibile da un lato migliorando le competenze professionali e potenziando la formazione implementando il processo di integrazione ospedale &#8211; territorio. In questa ottica il lavoro di team tra MMG e specialista ospedaliero/territoriale diviene indispensabile per garantire una corretta assistenza al paziente scompensato.</p>
