{"id":11255,"date":"2023-05-23T11:02:13","date_gmt":"2023-05-23T09:02:13","guid":{"rendered":"https:\/\/congressiconvegni.it\/?post_type=ajde_events&#038;p=11255"},"modified":"2023-05-24T14:54:30","modified_gmt":"2023-05-24T12:54:30","slug":"fad-update-in-ortodonzia","status":"publish","type":"ajde_events","link":"https:\/\/congressiconvegni.it\/en\/eventi\/fad-update-in-ortodonzia\/","title":{"rendered":"FAD UPDATE IN ORTODONZIA"},"content":{"rendered":"<p>Alla luce delle pi\u00f9 moderne conoscenze odontoiatriche, oggi possiamo sicuramente affermare che la stabilit\u00e0 occlusale \u00e8 il bene pi\u00f9 prezioso che l\u2019odontoiatra deve preservare o, in caso di patologie, recuperare. Il programma propone un approccio sistematico alla Terapia Elastodontica con lo scopo di aiutare il clinico ad affrontare indifferentemente e con sicurezza qualsiasi trattamento ortodontico nei pazienti in crescita e nell\u2019adulto, passando dal caso semplice al caso complesso. L\u2019utilizzo della Terapia Elastodontica costituisce un mezzo indispensabile per il raggiungimento di un risultato finale ottimale, sia sotto il profilo estetico che funzionale, infatti attraverso questa tecnica \u00e8 possibile lavorare sulla posizione mandibolare e sull\u2019occlusione che giocano un ruolo importantissimo per il mantenimento dell\u2019equilibrio muscolo-scheletrico e postulare dell\u2019organismo. Durante il corso saranno illustrate tutte le fasi operative step by step delle varie procedure cliniche, verr\u00e0 fatta chiarezza su molti aspetti clinici della pratica quotidiana cos\u00ec da fornire un protocollo standardizzato che consenta di minimizzare le possibilit\u00e0 di fallimento della terapia, di risolvere problemi potenzialmente complessi in modo semplice, grazie alla presentazione di casi e alla simulazione di terapie direttamente sui modelli in gesso. Il corso prevede un format molto innovativo con un taglio clinico, fornendo da subito al corsista l\u2019opportunit\u00e0 di mettere in pratica i concetti acquisiti teoricamente. Il corso \u00e8 indirizzato ad ortodontisti, protesisti, conservatori, che vogliano approcciare il caso clinico in maniera funzionale, biologica nel rispetto dell\u2019occlusione e della postura.<\/p>\n\n\n\n<p>Il corso si rivolge sia ai colleghi che intendono avvicinarsi alla terapia con allineatori, sia a quelli che gi\u00e0 seguono i propri pazienti e desiderano allargare la loro casistica e perfezionare i propri risultati. Lo scopo fondamentale del corso \u00e8 infatti quello di applicare il pensiero ortodontico ad una tecnica che spesso viene erroneamente considerata limitata nelle applicazioni cliniche e nei risultati, e limitante nel ruolo dell\u2019ortodontista. Il programma ha un profilo eminentemente clinico e verranno mostrati casi di malocclusioni di vario tipo e severit\u00e0.<\/p>\n\n\n\n<p>Il passaggio dal funzionale AMCOP agli allineatori LINEO risulta necessario nei casi di inclusione dentale, rotazioni degli stessi e nei casi di affollamento in pazienti a fine crescita oppure negli adulti.<\/p>\n\n\n\n<p>PER ISCRIVERSI COMPILARE IL SEGUENTE FORM<\/p>","protected":false},"author":2,"featured_media":11413,"menu_order":0,"comment_status":"open","ping_status":"closed","template":"","meta":{"jetpack_post_was_ever_published":false},"tags":[],"event_type":[],"event_type_2":[],"class_list":["post-11255","ajde_events","type-ajde_events","status-publish","has-post-thumbnail","hentry"],"jetpack_sharing_enabled":true,"_links":{"self":[{"href":"https:\/\/congressiconvegni.it\/en\/wp-json\/wp\/v2\/ajde_events\/11255","targetHints":{"allow":["GET"]}}],"collection":[{"href":"https:\/\/congressiconvegni.it\/en\/wp-json\/wp\/v2\/ajde_events"}],"about":[{"href":"https:\/\/congressiconvegni.it\/en\/wp-json\/wp\/v2\/types\/ajde_events"}],"author":[{"embeddable":true,"href":"https:\/\/congressiconvegni.it\/en\/wp-json\/wp\/v2\/users\/2"}],"replies":[{"embeddable":true,"href":"https:\/\/congressiconvegni.it\/en\/wp-json\/wp\/v2\/comments?post=11255"}],"wp:featuredmedia":[{"embeddable":true,"href":"https:\/\/congressiconvegni.it\/en\/wp-json\/wp\/v2\/media\/11413"}],"wp:attachment":[{"href":"https:\/\/congressiconvegni.it\/en\/wp-json\/wp\/v2\/media?parent=11255"}],"wp:term":[{"taxonomy":"post_tag","embeddable":true,"href":"https:\/\/congressiconvegni.it\/en\/wp-json\/wp\/v2\/tags?post=11255"},{"taxonomy":"event_type","embeddable":true,"href":"https:\/\/congressiconvegni.it\/en\/wp-json\/wp\/v2\/event_type?post=11255"},{"taxonomy":"event_type_2","embeddable":true,"href":"https:\/\/congressiconvegni.it\/en\/wp-json\/wp\/v2\/event_type_2?post=11255"}],"curies":[{"name":"wp","href":"https:\/\/api.w.org\/{rel}","templated":true}]}}

<p>Alla luce delle più moderne conoscenze odontoiatriche, oggi possiamo sicuramente affermare che la stabilità occlusale è il bene più prezioso che l’odontoiatra deve preservare o, in caso di patologie, recuperare. Il programma propone un approccio sistematico alla Terapia Elastodontica con lo scopo di aiutare il clinico ad affrontare indifferentemente e con sicurezza qualsiasi trattamento ortodontico nei pazienti in crescita e nell’adulto, passando dal caso semplice al caso complesso. L’utilizzo della Terapia Elastodontica costituisce un mezzo indispensabile per il raggiungimento di un risultato finale ottimale, sia sotto il profilo estetico che funzionale, infatti attraverso questa tecnica è possibile lavorare sulla posizione mandibolare e sull’occlusione che giocano un ruolo importantissimo per il mantenimento dell’equilibrio muscolo-scheletrico e postulare dell’organismo. Durante il corso saranno illustrate tutte le fasi operative step by step delle varie procedure cliniche, verrà fatta chiarezza su molti aspetti clinici della pratica quotidiana così da fornire un protocollo standardizzato che consenta di minimizzare le possibilità di fallimento della terapia, di risolvere problemi potenzialmente complessi in modo semplice, grazie alla presentazione di casi e alla simulazione di terapie direttamente sui modelli in gesso. Il corso prevede un format molto innovativo con un taglio clinico, fornendo da subito al corsista l’opportunità di mettere in pratica i concetti acquisiti teoricamente. Il corso è indirizzato ad ortodontisti, protesisti, conservatori, che vogliano approcciare il caso clinico in maniera funzionale, biologica nel rispetto dell’occlusione e della postura.</p>



<p>Il corso si rivolge sia ai colleghi che intendono avvicinarsi alla terapia con allineatori, sia a quelli che già seguono i propri pazienti e desiderano allargare la loro casistica e perfezionare i propri risultati. Lo scopo fondamentale del corso è infatti quello di applicare il pensiero ortodontico ad una tecnica che spesso viene erroneamente considerata limitata nelle applicazioni cliniche e nei risultati, e limitante nel ruolo dell’ortodontista. Il programma ha un profilo eminentemente clinico e verranno mostrati casi di malocclusioni di vario tipo e severità.</p>



<p>Il passaggio dal funzionale AMCOP agli allineatori LINEO risulta necessario nei casi di inclusione dentale, rotazioni degli stessi e nei casi di affollamento in pazienti a fine crescita oppure negli adulti.</p>



<p>PER ISCRIVERSI COMPILARE IL SEGUENTE FORM</p>
