{"id":11310,"date":"2023-05-23T12:16:14","date_gmt":"2023-05-23T10:16:14","guid":{"rendered":"https:\/\/congressiconvegni.it\/?post_type=ajde_events&#038;p=11310"},"modified":"2023-05-31T14:26:37","modified_gmt":"2023-05-31T12:26:37","slug":"fad-the-asthma-new-beat-generation-new-clinicians-strategies-and-drugs","status":"publish","type":"ajde_events","link":"https:\/\/congressiconvegni.it\/en\/eventi\/fad-the-asthma-new-beat-generation-new-clinicians-strategies-and-drugs\/","title":{"rendered":"FAD \u201cTHE ASTHMA NEW BEAT GENERATION: NEW CLINICIANS, STRATEGIES AND DRUGS\u201d"},"content":{"rendered":"<p>Negli ultimi anni il progresso scientifico-culturale ha notevolmente cambiato l\u2019approccio clinico alla patologia asmatica. Nuove linee guida, nuove strategie gestionali e nuovi farmaci impongono oggi ai clinici una nuova presa di coscienza della patologia tanto per le forme lievi quanto per quelle gravi. La possibilit\u00e0 di sempre meglio fenotipizzare il paziente rende necessaria per lo specialista una nuova visione, basata su di una sempre pi\u00f9 precisa determinazione dei meccanismi eziopatogenetici infiammatori, molecolari e funzionali di base. Ci\u00f2 \u00e8 il presupposto per tendere alla prospettiva della medicina di precisione e della target therapy. Lontano da visioni semplicistiche e generaliste, l\u2019obiettivo del corso \u00e8 quello di offrire una completa e critica panoramica sullo stato dell\u2019arte della gestione della malattia asmatica permettendo di approfondire gli aspetti e le nuove evidenze scientifiche oggi di maggior rilievo, stimolando il confronto e la condivisione di tutti gli attori coinvolti nella gestione dei pazienti.<\/p>","protected":false},"author":2,"featured_media":6042,"menu_order":0,"comment_status":"open","ping_status":"closed","template":"","meta":{"jetpack_post_was_ever_published":false},"tags":[],"event_type":[],"event_type_2":[],"class_list":["post-11310","ajde_events","type-ajde_events","status-publish","has-post-thumbnail","hentry"],"jetpack_sharing_enabled":true,"_links":{"self":[{"href":"https:\/\/congressiconvegni.it\/en\/wp-json\/wp\/v2\/ajde_events\/11310","targetHints":{"allow":["GET"]}}],"collection":[{"href":"https:\/\/congressiconvegni.it\/en\/wp-json\/wp\/v2\/ajde_events"}],"about":[{"href":"https:\/\/congressiconvegni.it\/en\/wp-json\/wp\/v2\/types\/ajde_events"}],"author":[{"embeddable":true,"href":"https:\/\/congressiconvegni.it\/en\/wp-json\/wp\/v2\/users\/2"}],"replies":[{"embeddable":true,"href":"https:\/\/congressiconvegni.it\/en\/wp-json\/wp\/v2\/comments?post=11310"}],"wp:featuredmedia":[{"embeddable":true,"href":"https:\/\/congressiconvegni.it\/en\/wp-json\/wp\/v2\/media\/6042"}],"wp:attachment":[{"href":"https:\/\/congressiconvegni.it\/en\/wp-json\/wp\/v2\/media?parent=11310"}],"wp:term":[{"taxonomy":"post_tag","embeddable":true,"href":"https:\/\/congressiconvegni.it\/en\/wp-json\/wp\/v2\/tags?post=11310"},{"taxonomy":"event_type","embeddable":true,"href":"https:\/\/congressiconvegni.it\/en\/wp-json\/wp\/v2\/event_type?post=11310"},{"taxonomy":"event_type_2","embeddable":true,"href":"https:\/\/congressiconvegni.it\/en\/wp-json\/wp\/v2\/event_type_2?post=11310"}],"curies":[{"name":"wp","href":"https:\/\/api.w.org\/{rel}","templated":true}]}}

<p>Negli ultimi anni il progresso scientifico-culturale ha notevolmente cambiato l’approccio clinico alla patologia asmatica. Nuove linee guida, nuove strategie gestionali e nuovi farmaci impongono oggi ai clinici una nuova presa di coscienza della patologia tanto per le forme lievi quanto per quelle gravi. La possibilità di sempre meglio fenotipizzare il paziente rende necessaria per lo specialista una nuova visione, basata su di una sempre più precisa determinazione dei meccanismi eziopatogenetici infiammatori, molecolari e funzionali di base. Ciò è il presupposto per tendere alla prospettiva della medicina di precisione e della target therapy. Lontano da visioni semplicistiche e generaliste, l’obiettivo del corso è quello di offrire una completa e critica panoramica sullo stato dell’arte della gestione della malattia asmatica permettendo di approfondire gli aspetti e le nuove evidenze scientifiche oggi di maggior rilievo, stimolando il confronto e la condivisione di tutti gli attori coinvolti nella gestione dei pazienti.</p>
