{"id":11342,"date":"2023-05-23T15:17:03","date_gmt":"2023-05-23T13:17:03","guid":{"rendered":"https:\/\/congressiconvegni.it\/eventi\/assemblea-ordinaria-aic-lombardia-in-modalita-telematica\/"},"modified":"2023-05-23T15:23:02","modified_gmt":"2023-05-23T13:23:02","slug":"assemblea-ordinaria-aic-lombardia-in-modalita-telematica","status":"publish","type":"ajde_events","link":"https:\/\/congressiconvegni.it\/en\/eventi\/assemblea-ordinaria-aic-lombardia-in-modalita-telematica\/","title":{"rendered":"ASSEMBLEA ORDINARIA AIC LOMBARDIA ONLUS IN MODALIT\u00c0 TELEMATICA"},"content":{"rendered":"<p>In coerenza con le disposizioni di legge contenute nel Decreto Legge n. 18 del 17 marzo 2020 (c.d. \u201cCura Italia\u201d) convertito nella Legge n. 27 del 24 aprile 2020 e con&nbsp;<strong>la recente legge n. 21\/2021 di conversione del cd. \u201cDecreto Milleproroghe\u201d (d.l. 183\/2020), per cui&nbsp;\u00e8 stata prorogata fino al 30 aprile 2021 la possibilit\u00e0 per tutti gli enti&nbsp;di svolgere in modalit\u00e0 di videoconferenza le assemblee nonch\u00e9 le sedute degli organi amministrativi e di controllo<\/strong>,&nbsp;si comunica che l\u2019Assemblea Ordinaria dei Soci di AIC Lombardia Onlus&nbsp;<strong>si terr\u00e0 in modalit\u00e0 telematica&nbsp;<\/strong>tramite collegamento alla piattaforma Zoom.<\/p>\n\n\n\n<p><strong>In sede di Assemblea verranno descritte le modalit\u00e0 per le votazioni on line.<\/strong><\/p>\n\n\n\n<p><strong>Sabato 24 aprile 2021 ore 9.30-12.30<\/strong><\/p>\n\n\n\n<p><strong>Ordine del Giorno<\/strong><\/p>\n\n\n\n<ol class=\"wp-block-list\">\n<li><em>Relazione attivit\u00e0<\/em><\/li>\n\n\n\n<li><em>Elezione di 2 consiglieri<\/em>\n<ul class=\"wp-block-list\">\n<li><em>Nomina della Commissione Elettorale<\/em><\/li>\n\n\n\n<li><em>Presentazione dei Candidati<\/em><\/li>\n<\/ul>\n<\/li>\n\n\n\n<li><em>Presentazione e Approvazione Bilancio consuntivo 2020 e Preventivo 2021<\/em><\/li>\n\n\n\n<li><em>Varie ed eventuali<\/em><\/li>\n<\/ol>\n\n\n\n<p>Per partecipare all\u2019Assemblea \u00e8 necessario registrarsi compilando il seguente modulo&nbsp;<strong>entro GIOVEDI\u2019 22 APRILE ore 18.00<\/strong><\/p>\n\n\n\n<p><strong>Riceverete una mail immediata di conferma registrazione.&nbsp;<\/strong><strong>Se non ricevete alcuna mail Vi invitiamo a controllare nella casella SPAM\/posta indesiderata<\/strong><\/p>\n\n\n\n<p>Successivamente vi verr\u00e0 inviato il LINK per il collegamento on line su piattaforma ZOOM<\/p>","protected":false},"author":2,"featured_media":11344,"menu_order":0,"comment_status":"open","ping_status":"closed","template":"","meta":{"jetpack_post_was_ever_published":false},"tags":[],"event_type":[],"event_type_2":[],"class_list":["post-11342","ajde_events","type-ajde_events","status-publish","has-post-thumbnail","hentry"],"jetpack_sharing_enabled":true,"_links":{"self":[{"href":"https:\/\/congressiconvegni.it\/en\/wp-json\/wp\/v2\/ajde_events\/11342","targetHints":{"allow":["GET"]}}],"collection":[{"href":"https:\/\/congressiconvegni.it\/en\/wp-json\/wp\/v2\/ajde_events"}],"about":[{"href":"https:\/\/congressiconvegni.it\/en\/wp-json\/wp\/v2\/types\/ajde_events"}],"author":[{"embeddable":true,"href":"https:\/\/congressiconvegni.it\/en\/wp-json\/wp\/v2\/users\/2"}],"replies":[{"embeddable":true,"href":"https:\/\/congressiconvegni.it\/en\/wp-json\/wp\/v2\/comments?post=11342"}],"wp:featuredmedia":[{"embeddable":true,"href":"https:\/\/congressiconvegni.it\/en\/wp-json\/wp\/v2\/media\/11344"}],"wp:attachment":[{"href":"https:\/\/congressiconvegni.it\/en\/wp-json\/wp\/v2\/media?parent=11342"}],"wp:term":[{"taxonomy":"post_tag","embeddable":true,"href":"https:\/\/congressiconvegni.it\/en\/wp-json\/wp\/v2\/tags?post=11342"},{"taxonomy":"event_type","embeddable":true,"href":"https:\/\/congressiconvegni.it\/en\/wp-json\/wp\/v2\/event_type?post=11342"},{"taxonomy":"event_type_2","embeddable":true,"href":"https:\/\/congressiconvegni.it\/en\/wp-json\/wp\/v2\/event_type_2?post=11342"}],"curies":[{"name":"wp","href":"https:\/\/api.w.org\/{rel}","templated":true}]}}

ASSEMBLEA ORDINARIA AIC LOMBARDIA ONLUS IN MODALITÀ TELEMATICA

<p>In coerenza con le disposizioni di legge contenute nel Decreto Legge n. 18 del 17 marzo 2020 (c.d. “Cura Italia”) convertito nella Legge n. 27 del 24 aprile 2020 e con&nbsp;<strong>la recente legge n. 21/2021 di conversione del cd. “Decreto Milleproroghe” (d.l. 183/2020), per cui&nbsp;è stata prorogata fino al 30 aprile 2021 la possibilità per tutti gli enti&nbsp;di svolgere in modalità di videoconferenza le assemblee nonché le sedute degli organi amministrativi e di controllo</strong>,&nbsp;si comunica che l’Assemblea Ordinaria dei Soci di AIC Lombardia Onlus&nbsp;<strong>si terrà in modalità telematica&nbsp;</strong>tramite collegamento alla piattaforma Zoom.</p>



<p><strong>In sede di Assemblea verranno descritte le modalità per le votazioni on line.</strong></p>



<p><strong>Sabato 24 aprile 2021 ore 9.30-12.30</strong></p>



<p><strong>Ordine del Giorno</strong></p>



<ol class="wp-block-list">
<li><em>Relazione attività</em></li>



<li><em>Elezione di 2 consiglieri</em>
<ul class="wp-block-list">
<li><em>Nomina della Commissione Elettorale</em></li>



<li><em>Presentazione dei Candidati</em></li>
</ul>
</li>



<li><em>Presentazione e Approvazione Bilancio consuntivo 2020 e Preventivo 2021</em></li>



<li><em>Varie ed eventuali</em></li>
</ol>



<p>Per partecipare all’Assemblea è necessario registrarsi compilando il seguente modulo&nbsp;<strong>entro GIOVEDI’ 22 APRILE ore 18.00</strong></p>



<p><strong>Riceverete una mail immediata di conferma registrazione.&nbsp;</strong><strong>Se non ricevete alcuna mail Vi invitiamo a controllare nella casella SPAM/posta indesiderata</strong></p>



<p>Successivamente vi verrà inviato il LINK per il collegamento on line su piattaforma ZOOM</p>
