{"id":11369,"date":"2023-05-23T17:15:56","date_gmt":"2023-05-23T15:15:56","guid":{"rendered":"https:\/\/congressiconvegni.it\/?post_type=ajde_events&#038;p=11369"},"modified":"2023-05-23T17:15:59","modified_gmt":"2023-05-23T15:15:59","slug":"aria-di-levante-2a-ed","status":"publish","type":"ajde_events","link":"https:\/\/congressiconvegni.it\/en\/eventi\/aria-di-levante-2a-ed\/","title":{"rendered":"ARIA DI LEVANTE 2A ED"},"content":{"rendered":"<p>L\u2019asma bronchiale \u00e8 una malattia causata dall\u2019infiammazione cronica delle vie aree, caratterizzata da una estrema variabilit\u00e0 di sintomi respiratori, anche come intensit\u00e0, associati ad una limitazione del flusso aereo. L\u2019asma \u00e8 un problema mondiale, che interessa pi\u00f9 di 350 milioni di persone nel mondo con un impatto anche in termini di decessi che raggiunge circa il mezzo milione l\u2019anno di casi.<\/p>\n\n\n\n<p>Attualmente la BPCO rappresenta la quarta causa di morte nel mondo. Si stima che presto diventer\u00e0 la terza, rappresentando cos\u00ec insieme alle sue comorbilit\u00e0 un importante sfida di sanit\u00e0 pubblica a livello mondiale.<\/p>\n\n\n\n<p>Entrambe le patologie sono ampliamente sotto diagnosticate e sottostimate, e l\u2019aderenza alla terapia \u00e8 molto bassa, intorno al 15% di media secondo i recenti dati Osmed. Nell\u2019asma bronchiale i pazienti non sono consapevoli di avere uno stato di infiammazione cronica, e comunque non vogliono impiegare per lunghi periodi i corticosteroidi inalatori per la preoccupazione di eventi indesiderati (corticofobia), preferiscono di gran lunga ricorrere ai broncodilatatori short acting, che risolvono temporaneamente i sintomi ma non curano l\u2019infiammazione e di conseguenza la causa della malattia.<\/p>\n\n\n\n<p>Di fronte a queste considerazioni il medico di medicina generale gioca un ruolo chiave nel sospettare e poi diagnosticare queste patologie, e nel renderne consapevoli i propri pazienti, ed \u00e8 quindi strategico un link condiviso con lo specialista pneumologo al fine di migliorare l\u2019approccio farmacologico corretto e l\u2019uso adeguato dei device.<\/p>\n\n\n\n<p>Per informazioni: info@double-em.it<\/p>","protected":false},"author":2,"featured_media":8230,"menu_order":0,"comment_status":"open","ping_status":"closed","template":"","meta":{"jetpack_post_was_ever_published":false},"tags":[],"event_type":[],"event_type_2":[],"class_list":["post-11369","ajde_events","type-ajde_events","status-publish","has-post-thumbnail","hentry","event_location-hotel-regina-elena"],"jetpack_sharing_enabled":true,"_links":{"self":[{"href":"https:\/\/congressiconvegni.it\/en\/wp-json\/wp\/v2\/ajde_events\/11369","targetHints":{"allow":["GET"]}}],"collection":[{"href":"https:\/\/congressiconvegni.it\/en\/wp-json\/wp\/v2\/ajde_events"}],"about":[{"href":"https:\/\/congressiconvegni.it\/en\/wp-json\/wp\/v2\/types\/ajde_events"}],"author":[{"embeddable":true,"href":"https:\/\/congressiconvegni.it\/en\/wp-json\/wp\/v2\/users\/2"}],"replies":[{"embeddable":true,"href":"https:\/\/congressiconvegni.it\/en\/wp-json\/wp\/v2\/comments?post=11369"}],"wp:featuredmedia":[{"embeddable":true,"href":"https:\/\/congressiconvegni.it\/en\/wp-json\/wp\/v2\/media\/8230"}],"wp:attachment":[{"href":"https:\/\/congressiconvegni.it\/en\/wp-json\/wp\/v2\/media?parent=11369"}],"wp:term":[{"taxonomy":"post_tag","embeddable":true,"href":"https:\/\/congressiconvegni.it\/en\/wp-json\/wp\/v2\/tags?post=11369"},{"taxonomy":"event_type","embeddable":true,"href":"https:\/\/congressiconvegni.it\/en\/wp-json\/wp\/v2\/event_type?post=11369"},{"taxonomy":"event_type_2","embeddable":true,"href":"https:\/\/congressiconvegni.it\/en\/wp-json\/wp\/v2\/event_type_2?post=11369"}],"curies":[{"name":"wp","href":"https:\/\/api.w.org\/{rel}","templated":true}]}}

<p>L’asma bronchiale è una malattia causata dall’infiammazione cronica delle vie aree, caratterizzata da una estrema variabilità di sintomi respiratori, anche come intensità, associati ad una limitazione del flusso aereo. L’asma è un problema mondiale, che interessa più di 350 milioni di persone nel mondo con un impatto anche in termini di decessi che raggiunge circa il mezzo milione l’anno di casi.</p>



<p>Attualmente la BPCO rappresenta la quarta causa di morte nel mondo. Si stima che presto diventerà la terza, rappresentando così insieme alle sue comorbilità un importante sfida di sanità pubblica a livello mondiale.</p>



<p>Entrambe le patologie sono ampliamente sotto diagnosticate e sottostimate, e l’aderenza alla terapia è molto bassa, intorno al 15% di media secondo i recenti dati Osmed. Nell’asma bronchiale i pazienti non sono consapevoli di avere uno stato di infiammazione cronica, e comunque non vogliono impiegare per lunghi periodi i corticosteroidi inalatori per la preoccupazione di eventi indesiderati (corticofobia), preferiscono di gran lunga ricorrere ai broncodilatatori short acting, che risolvono temporaneamente i sintomi ma non curano l’infiammazione e di conseguenza la causa della malattia.</p>



<p>Di fronte a queste considerazioni il medico di medicina generale gioca un ruolo chiave nel sospettare e poi diagnosticare queste patologie, e nel renderne consapevoli i propri pazienti, ed è quindi strategico un link condiviso con lo specialista pneumologo al fine di migliorare l’approccio farmacologico corretto e l’uso adeguato dei device.</p>



<p>Per informazioni: info@double-em.it</p>
