{"id":11393,"date":"2023-05-24T10:18:29","date_gmt":"2023-05-24T08:18:29","guid":{"rendered":"https:\/\/congressiconvegni.it\/?post_type=ajde_events&#038;p=11393"},"modified":"2023-05-24T10:18:31","modified_gmt":"2023-05-24T08:18:31","slug":"v-congresso-regionale-federazione-cisl-medici-liguria","status":"publish","type":"ajde_events","link":"https:\/\/congressiconvegni.it\/en\/eventi\/v-congresso-regionale-federazione-cisl-medici-liguria\/","title":{"rendered":"V CONGRESSO REGIONALE FEDERAZIONE CISL MEDICI LIGURIA"},"content":{"rendered":"<p>COVID-19: DALLA SINDERMIA AL ONE HEALTH. Analisi della crisi sanitaria, sociale, umana e il nuovo modello di salute<\/p>\n\n\n\n<p>La pandemia da covid-19 \u00e8 l\u2019ultima delle infezioni che hanno flagellato il pianeta. Dalla Spagnola che \u2013 negli Anni Venti \u2013 provoc\u00f2 50 milioni di morti, alle pi\u00f9 recenti (sars, mers, zica, influenza suina, ebola, etc). La grande peculiarit\u00e0 del Sars-Cov-2, per\u00f2, \u00e8 che questo virus, a causa della globalizzazione, si \u00e8 propagato a una velocit\u00e0 tale da generare una crisi sanitaria senza precedenti, favorito nel suo espandersi da un\u2019impreparazione dei sistemi sanitari, da una sottovalutazione del pericolo e da una ridotta sorveglianza epidemiologica.<\/p>\n\n\n\n<p>Questa pandemia, inoltre, ha messo in luce in tutta la sua crudezza, l\u2019ampio divario economico, le profonde fratture e le fragilit\u00e0 sociali preesistenti lo scoppio dell\u2019emergenza sanitaria, problemi ulteriormente acuiti dalla crisi economica e sociale che ne \u00e8 scaturita. Il direttore della rivista Lancet ha parlato di \u201csindemia\u201d: una pandemia, cio\u00e8, che colpisce in modo molto diverso a seconda delle diverse opportunit\u00e0 che le persone hanno in base alle loro condizioni economiche, lavorative, culturali, sociali. E poich\u00e9 oggi le grandi questioni sociali irrisolte \u2013 disoccupazione, povert\u00e0, disuguaglianze, sfruttamento delle risorse primarie sono \u201cglobali\u201d \u2013 l\u2019arrivo del covid non ha fatto altro che aggravare una crisi generale molto pi\u00f9 complessa, politica, economica, civile ed umana.<\/p>\n\n\n\n<p>La definizione di Sindemia emerge in quanto il Covid-19 interagisce principalmente in contesti dove sono presenti e diffuse patologie croniche (diabete, ipertensione, obesit\u00e0, Bpco ecc.), o colpisce in aree geografiche in cui povert\u00e0, ragioni socio-economiche, elevata densit\u00e0 demografica, ridotta assistenza sanitaria, basso livello culturale e promiscuit\u00e0 sociale sono particolarmente radicati nel tessuto geopolitico. Inoltre, eventi metereologici estremi, deforestazione e desertificazione, declino di ecosistemi che sostengono la vita e la sicurezza alimentare, diminuzione delle risorse idriche, consumo di suolo, aumento della temperatura media registrata sul pianeta, sono alla base di flussi migratori di popolazioni e animali verso condizioni climatiche pi\u00f9 favorevoli. \u00c8 fondamentale, dunque, una volta intuite le ragioni socio-economiche ed etiche di questa pandemia (manifestazione di un problema pi\u00f9 grande, cui gran parte delle responsabilit\u00e0 ricadono nell\u2019uomo), intervenire subito, per evitare il cortocircuito di cambiamenti negativi prevenibile se ragionassimo secondo un\u2019ottica collettiva e globale di tutela del pianeta. Di qui nasce il pensiero del \u201cONE Health\u201d, ossia la visione<\/p>\n\n\n\n<p>\u201colistica\u201d di un modello sanitario basato sull\u2019integrazione di discipline diverse, poich\u00e9 la salute umana, la salute animale e la salute dell\u2019ecosistema, sono indissolubilmente legate fra loro: la sfida sar\u00e0 metterlo in pratica attraverso una vera governance per la protezione e la promozione della salute non pi\u00f9 concentrata solo sulla salute umana.<\/p>\n\n\n\n<p>Alla luce di quanto emerso e appreso dalla pandemia da Covid-19, l\u2019attuazione dell\u2019approccio One Health \u00e8 puramente utopico o&nbsp;un\u2019opportunit\u00e0\/una necessit\u00e0 non pi\u00f9 rinviabile? Basteranno i fondi del PNRR per affrontare le sfide sanitarie future? Saremo in grado di adattare il lavoro sanitario e il Sistema Sanitario a dare una risposta ai grandi cambiamenti in corso e futuri?<\/p>","protected":false},"author":2,"featured_media":8507,"menu_order":0,"comment_status":"open","ping_status":"closed","template":"","meta":{"jetpack_post_was_ever_published":false},"tags":[],"event_type":[],"event_type_2":[],"class_list":["post-11393","ajde_events","type-ajde_events","status-publish","has-post-thumbnail","hentry","event_location-nh-marina-hotel"],"jetpack_sharing_enabled":true,"_links":{"self":[{"href":"https:\/\/congressiconvegni.it\/en\/wp-json\/wp\/v2\/ajde_events\/11393","targetHints":{"allow":["GET"]}}],"collection":[{"href":"https:\/\/congressiconvegni.it\/en\/wp-json\/wp\/v2\/ajde_events"}],"about":[{"href":"https:\/\/congressiconvegni.it\/en\/wp-json\/wp\/v2\/types\/ajde_events"}],"author":[{"embeddable":true,"href":"https:\/\/congressiconvegni.it\/en\/wp-json\/wp\/v2\/users\/2"}],"replies":[{"embeddable":true,"href":"https:\/\/congressiconvegni.it\/en\/wp-json\/wp\/v2\/comments?post=11393"}],"wp:featuredmedia":[{"embeddable":true,"href":"https:\/\/congressiconvegni.it\/en\/wp-json\/wp\/v2\/media\/8507"}],"wp:attachment":[{"href":"https:\/\/congressiconvegni.it\/en\/wp-json\/wp\/v2\/media?parent=11393"}],"wp:term":[{"taxonomy":"post_tag","embeddable":true,"href":"https:\/\/congressiconvegni.it\/en\/wp-json\/wp\/v2\/tags?post=11393"},{"taxonomy":"event_type","embeddable":true,"href":"https:\/\/congressiconvegni.it\/en\/wp-json\/wp\/v2\/event_type?post=11393"},{"taxonomy":"event_type_2","embeddable":true,"href":"https:\/\/congressiconvegni.it\/en\/wp-json\/wp\/v2\/event_type_2?post=11393"}],"curies":[{"name":"wp","href":"https:\/\/api.w.org\/{rel}","templated":true}]}}

<p>COVID-19: DALLA SINDERMIA AL ONE HEALTH. Analisi della crisi sanitaria, sociale, umana e il nuovo modello di salute</p>



<p>La pandemia da covid-19 è l’ultima delle infezioni che hanno flagellato il pianeta. Dalla Spagnola che – negli Anni Venti – provocò 50 milioni di morti, alle più recenti (sars, mers, zica, influenza suina, ebola, etc). La grande peculiarità del Sars-Cov-2, però, è che questo virus, a causa della globalizzazione, si è propagato a una velocità tale da generare una crisi sanitaria senza precedenti, favorito nel suo espandersi da un’impreparazione dei sistemi sanitari, da una sottovalutazione del pericolo e da una ridotta sorveglianza epidemiologica.</p>



<p>Questa pandemia, inoltre, ha messo in luce in tutta la sua crudezza, l’ampio divario economico, le profonde fratture e le fragilità sociali preesistenti lo scoppio dell’emergenza sanitaria, problemi ulteriormente acuiti dalla crisi economica e sociale che ne è scaturita. Il direttore della rivista Lancet ha parlato di “sindemia”: una pandemia, cioè, che colpisce in modo molto diverso a seconda delle diverse opportunità che le persone hanno in base alle loro condizioni economiche, lavorative, culturali, sociali. E poiché oggi le grandi questioni sociali irrisolte – disoccupazione, povertà, disuguaglianze, sfruttamento delle risorse primarie sono “globali” – l’arrivo del covid non ha fatto altro che aggravare una crisi generale molto più complessa, politica, economica, civile ed umana.</p>



<p>La definizione di Sindemia emerge in quanto il Covid-19 interagisce principalmente in contesti dove sono presenti e diffuse patologie croniche (diabete, ipertensione, obesità, Bpco ecc.), o colpisce in aree geografiche in cui povertà, ragioni socio-economiche, elevata densità demografica, ridotta assistenza sanitaria, basso livello culturale e promiscuità sociale sono particolarmente radicati nel tessuto geopolitico. Inoltre, eventi metereologici estremi, deforestazione e desertificazione, declino di ecosistemi che sostengono la vita e la sicurezza alimentare, diminuzione delle risorse idriche, consumo di suolo, aumento della temperatura media registrata sul pianeta, sono alla base di flussi migratori di popolazioni e animali verso condizioni climatiche più favorevoli. È fondamentale, dunque, una volta intuite le ragioni socio-economiche ed etiche di questa pandemia (manifestazione di un problema più grande, cui gran parte delle responsabilità ricadono nell’uomo), intervenire subito, per evitare il cortocircuito di cambiamenti negativi prevenibile se ragionassimo secondo un’ottica collettiva e globale di tutela del pianeta. Di qui nasce il pensiero del “ONE Health”, ossia la visione</p>



<p>“olistica” di un modello sanitario basato sull’integrazione di discipline diverse, poiché la salute umana, la salute animale e la salute dell’ecosistema, sono indissolubilmente legate fra loro: la sfida sarà metterlo in pratica attraverso una vera governance per la protezione e la promozione della salute non più concentrata solo sulla salute umana.</p>



<p>Alla luce di quanto emerso e appreso dalla pandemia da Covid-19, l’attuazione dell’approccio One Health è puramente utopico o&nbsp;un’opportunità/una necessità non più rinviabile? Basteranno i fondi del PNRR per affrontare le sfide sanitarie future? Saremo in grado di adattare il lavoro sanitario e il Sistema Sanitario a dare una risposta ai grandi cambiamenti in corso e futuri?</p>
