{"id":11410,"date":"2023-05-24T11:40:27","date_gmt":"2023-05-24T09:40:27","guid":{"rendered":"https:\/\/congressiconvegni.it\/?post_type=ajde_events&#038;p=11410"},"modified":"2023-05-24T17:29:38","modified_gmt":"2023-05-24T15:29:38","slug":"bioattivatori-a-m-c-o-p-un-nuovo-approccio-ortodontico-funzionale-7","status":"publish","type":"ajde_events","link":"https:\/\/congressiconvegni.it\/en\/eventi\/bioattivatori-a-m-c-o-p-un-nuovo-approccio-ortodontico-funzionale-7\/","title":{"rendered":"BIOATTIVATORI A.M.C.O.P. UN NUOVO APPROCCIO ORTODONTICO FUNZIONALE"},"content":{"rendered":"<p>Il programma propone un approccio sistemico elastodontico con i Bio-Attivatori AMCOP con lo scopo di aiutare il clinico ad affrontare indifferentemente e con sicurezza qualsiasi trattamento ortodontico nei pazienti in crescita, passando dal caso semplice al caso complesso.<br \/>L\u2019utilizzo dei Bio-Attivatori AMCOP costituisce un mezzo indispensabile per il raggiungimento di un risultato finale ottimale, sia sotto il profilo estetico che funzionale e biologico. Il corso prevede un format molto innovativo, fornendo da subito al corsista l\u2019opportunit\u00e0 di mettere in pratica i concetti acquisiti teoricamente.<br \/>I corsisti potranno, per esercitarsi, portare modelli in gesso di casi in trattamento o da trattare.<\/p>\n\n\n\n<p>I nuovi Bio-Attivatori A.M.C.O.P. (Armonizzatori Multifunzionali Cranio-Occluso-Posturali) sono dispositivi realizzati in materiali completamente elastici termoattivabili. I Bio-Attivatori A.M.C.O.P. sono dispositivi di carattere funzionale, ortopedico-scheletrico, articolare (ATM), neuro-muscolare-occlusale e posturale e sono utilizzati per<br \/>il trattamento delle diverse dismetrie delle strutture dentocranio-facciali in grado di detendere, di armonizzare e di riequilibrare le arcate dentarie; essi rappresentano la sintesi degli apparecchi ortodontici funzionali esistenti.<br \/>\ufffd? un metodo notevolmente efficace, in quanto il dispositivo svolge un\u2019azione dolce e continua sui denti, favorendo il loro spostamento sfruttando la grande elasticit\u00e0 del materiale impiegato. Il criterio di lavoro con i Bio-Attivatori A.M.C.O.P. in una visione sistemica e globale del trattamento da eseguire, comprende la correzione dell\u2019apparato bucco-dentale, del cranio e del visus, che determina un riequilibrio dell\u2019architettura del massiccio craniale e delle prime vertebre della cervicale, con benefici sulla postura e, quindi, sulla condizione&nbsp;psico-fisica della persona. Il dispositivo ha quindi una funzione ortodontica puramente ortopedica, in quanto interviene sulle principali cause delle diverse tipologie di malocclusioni e delle alterazioni posturali, rimuovendo le diverse forme sintomatiche ad esse collegate; l\u2019elasticit\u00e0 del dispositivo \u00e8 in grado di procurare una decontrazione ed un rilasciamento dei muscoli facciali con il conseguente ricondizionamento del sistema neuro-muscolare.<br \/>Il dispositivo \u00e8 anche indicato per migliorare le funzioni neurovegetative oro-faringee (suzione-deglutizione, masticazione, respirazione e fonazione) e pu\u00f2 essere usato anche per il bruxismo e il russamento notturno. Questo tipo di trattamento \u00e8 in grado di procurare processi fisioterapici, antinfiammatori e riparativi che vanno al di l\u00e0 del semplice trattamento ortodontico. Inoltre permette di rendere la correzione pi\u00f9 stabile nel tempo e consente, quindi, una terapia riabilitativa elastodontica pi\u00f9 completa e non suscettibile a recidiva.<\/p>","protected":false},"author":2,"featured_media":11431,"menu_order":0,"comment_status":"open","ping_status":"closed","template":"","meta":{"jetpack_post_was_ever_published":false},"tags":[],"event_type":[],"event_type_2":[],"class_list":["post-11410","ajde_events","type-ajde_events","status-publish","has-post-thumbnail","hentry","event_location-royal-garden-hotel"],"jetpack_sharing_enabled":true,"_links":{"self":[{"href":"https:\/\/congressiconvegni.it\/en\/wp-json\/wp\/v2\/ajde_events\/11410","targetHints":{"allow":["GET"]}}],"collection":[{"href":"https:\/\/congressiconvegni.it\/en\/wp-json\/wp\/v2\/ajde_events"}],"about":[{"href":"https:\/\/congressiconvegni.it\/en\/wp-json\/wp\/v2\/types\/ajde_events"}],"author":[{"embeddable":true,"href":"https:\/\/congressiconvegni.it\/en\/wp-json\/wp\/v2\/users\/2"}],"replies":[{"embeddable":true,"href":"https:\/\/congressiconvegni.it\/en\/wp-json\/wp\/v2\/comments?post=11410"}],"wp:featuredmedia":[{"embeddable":true,"href":"https:\/\/congressiconvegni.it\/en\/wp-json\/wp\/v2\/media\/11431"}],"wp:attachment":[{"href":"https:\/\/congressiconvegni.it\/en\/wp-json\/wp\/v2\/media?parent=11410"}],"wp:term":[{"taxonomy":"post_tag","embeddable":true,"href":"https:\/\/congressiconvegni.it\/en\/wp-json\/wp\/v2\/tags?post=11410"},{"taxonomy":"event_type","embeddable":true,"href":"https:\/\/congressiconvegni.it\/en\/wp-json\/wp\/v2\/event_type?post=11410"},{"taxonomy":"event_type_2","embeddable":true,"href":"https:\/\/congressiconvegni.it\/en\/wp-json\/wp\/v2\/event_type_2?post=11410"}],"curies":[{"name":"wp","href":"https:\/\/api.w.org\/{rel}","templated":true}]}}

<p>Il programma propone un approccio sistemico elastodontico con i Bio-Attivatori AMCOP con lo scopo di aiutare il clinico ad affrontare indifferentemente e con sicurezza qualsiasi trattamento ortodontico nei pazienti in crescita, passando dal caso semplice al caso complesso.<br />L’utilizzo dei Bio-Attivatori AMCOP costituisce un mezzo indispensabile per il raggiungimento di un risultato finale ottimale, sia sotto il profilo estetico che funzionale e biologico. Il corso prevede un format molto innovativo, fornendo da subito al corsista l’opportunità di mettere in pratica i concetti acquisiti teoricamente.<br />I corsisti potranno, per esercitarsi, portare modelli in gesso di casi in trattamento o da trattare.</p>



<p>I nuovi Bio-Attivatori A.M.C.O.P. (Armonizzatori Multifunzionali Cranio-Occluso-Posturali) sono dispositivi realizzati in materiali completamente elastici termoattivabili. I Bio-Attivatori A.M.C.O.P. sono dispositivi di carattere funzionale, ortopedico-scheletrico, articolare (ATM), neuro-muscolare-occlusale e posturale e sono utilizzati per<br />il trattamento delle diverse dismetrie delle strutture dentocranio-facciali in grado di detendere, di armonizzare e di riequilibrare le arcate dentarie; essi rappresentano la sintesi degli apparecchi ortodontici funzionali esistenti.<br />�? un metodo notevolmente efficace, in quanto il dispositivo svolge un’azione dolce e continua sui denti, favorendo il loro spostamento sfruttando la grande elasticità del materiale impiegato. Il criterio di lavoro con i Bio-Attivatori A.M.C.O.P. in una visione sistemica e globale del trattamento da eseguire, comprende la correzione dell’apparato bucco-dentale, del cranio e del visus, che determina un riequilibrio dell’architettura del massiccio craniale e delle prime vertebre della cervicale, con benefici sulla postura e, quindi, sulla condizione&nbsp;psico-fisica della persona. Il dispositivo ha quindi una funzione ortodontica puramente ortopedica, in quanto interviene sulle principali cause delle diverse tipologie di malocclusioni e delle alterazioni posturali, rimuovendo le diverse forme sintomatiche ad esse collegate; l’elasticità del dispositivo è in grado di procurare una decontrazione ed un rilasciamento dei muscoli facciali con il conseguente ricondizionamento del sistema neuro-muscolare.<br />Il dispositivo è anche indicato per migliorare le funzioni neurovegetative oro-faringee (suzione-deglutizione, masticazione, respirazione e fonazione) e può essere usato anche per il bruxismo e il russamento notturno. Questo tipo di trattamento è in grado di procurare processi fisioterapici, antinfiammatori e riparativi che vanno al di là del semplice trattamento ortodontico. Inoltre permette di rendere la correzione più stabile nel tempo e consente, quindi, una terapia riabilitativa elastodontica più completa e non suscettibile a recidiva.</p>
