{"id":11529,"date":"2023-06-27T16:19:56","date_gmt":"2023-06-27T14:19:56","guid":{"rendered":"https:\/\/congressiconvegni.it\/?post_type=ajde_events&#038;p=11529"},"modified":"2023-10-04T13:03:39","modified_gmt":"2023-10-04T11:03:39","slug":"respiratory-and-pain-medicine","status":"publish","type":"ajde_events","link":"https:\/\/congressiconvegni.it\/en\/eventi\/respiratory-and-pain-medicine\/","title":{"rendered":"RESPIRATORY AND PAIN MEDICINE UPDATE"},"content":{"rendered":"<p><a href=\"https:\/\/congressiconvegni.it\/wp-content\/uploads\/2023\/10\/sanremo-7_10-programma-.pdf\">Scarica il programma in .pdf<\/a><\/p>\n\n\n\n<p>L&#8217;analisi epidemiologica evidenzia come le pi\u00f9 frequenti cause di accesso al Pronto Soccorso siano la difficolt\u00e0 respiratoria e il dolore sia legato a trauma che non traumatico. Questi sintomi, anche in considerazione del progressivo invecchiamento della popolazione, sono associati a malattie di vari organi e apparati e costituiscono un problema che necessit\u00e0 dell&#8217;intervento di pi\u00f9 specialisti contemporaneamente costituendo cos\u00ec una sfida organizzativa. Questo evento vuole favorire uno scambio di conoscenze tra tutti i Medici e gli infermieri interessati alla gestione di questi scenari clinici contribuendo al miglioramento dell&#8217;efficacia terapeutica.<\/p>","protected":false},"author":2,"featured_media":11542,"menu_order":0,"comment_status":"open","ping_status":"closed","template":"","meta":{"jetpack_post_was_ever_published":false},"tags":[],"event_type":[],"event_type_2":[],"class_list":["post-11529","ajde_events","type-ajde_events","status-publish","has-post-thumbnail","hentry","event_location-grand-hotel-des-anglais","event_organizer-double-em"],"jetpack_sharing_enabled":true,"_links":{"self":[{"href":"https:\/\/congressiconvegni.it\/en\/wp-json\/wp\/v2\/ajde_events\/11529","targetHints":{"allow":["GET"]}}],"collection":[{"href":"https:\/\/congressiconvegni.it\/en\/wp-json\/wp\/v2\/ajde_events"}],"about":[{"href":"https:\/\/congressiconvegni.it\/en\/wp-json\/wp\/v2\/types\/ajde_events"}],"author":[{"embeddable":true,"href":"https:\/\/congressiconvegni.it\/en\/wp-json\/wp\/v2\/users\/2"}],"replies":[{"embeddable":true,"href":"https:\/\/congressiconvegni.it\/en\/wp-json\/wp\/v2\/comments?post=11529"}],"wp:featuredmedia":[{"embeddable":true,"href":"https:\/\/congressiconvegni.it\/en\/wp-json\/wp\/v2\/media\/11542"}],"wp:attachment":[{"href":"https:\/\/congressiconvegni.it\/en\/wp-json\/wp\/v2\/media?parent=11529"}],"wp:term":[{"taxonomy":"post_tag","embeddable":true,"href":"https:\/\/congressiconvegni.it\/en\/wp-json\/wp\/v2\/tags?post=11529"},{"taxonomy":"event_type","embeddable":true,"href":"https:\/\/congressiconvegni.it\/en\/wp-json\/wp\/v2\/event_type?post=11529"},{"taxonomy":"event_type_2","embeddable":true,"href":"https:\/\/congressiconvegni.it\/en\/wp-json\/wp\/v2\/event_type_2?post=11529"}],"curies":[{"name":"wp","href":"https:\/\/api.w.org\/{rel}","templated":true}]}}

<p><a href="https://congressiconvegni.it/wp-content/uploads/2023/10/sanremo-7_10-programma-.pdf">Scarica il programma in .pdf</a></p>



<p>L&#8217;analisi epidemiologica evidenzia come le più frequenti cause di accesso al Pronto Soccorso siano la difficoltà respiratoria e il dolore sia legato a trauma che non traumatico. Questi sintomi, anche in considerazione del progressivo invecchiamento della popolazione, sono associati a malattie di vari organi e apparati e costituiscono un problema che necessità dell&#8217;intervento di più specialisti contemporaneamente costituendo così una sfida organizzativa. Questo evento vuole favorire uno scambio di conoscenze tra tutti i Medici e gli infermieri interessati alla gestione di questi scenari clinici contribuendo al miglioramento dell&#8217;efficacia terapeutica.</p>
