{"id":11533,"date":"2023-06-27T15:39:56","date_gmt":"2023-06-27T13:39:56","guid":{"rendered":"https:\/\/congressiconvegni.it\/?post_type=ajde_events&#038;p=11533"},"modified":"2023-09-08T10:31:48","modified_gmt":"2023-09-08T08:31:48","slug":"gaslini-territorio","status":"publish","type":"ajde_events","link":"https:\/\/congressiconvegni.it\/en\/eventi\/gaslini-territorio\/","title":{"rendered":"Corso di Aggiornamento Gaslini &#8211; Territorio"},"content":{"rendered":"<p>Le malattie allergiche hanno una notevole rilevanza epidemiologica e sono impegnative per la variet\u00e0 dei quadri clinici ed il notevole impatto sulla qualit\u00e0 di vita del bambino e dei suoi genitori.<\/p>\n\n\n\n<p>Il progressivo e costante aumento della prevalenza delle allergie nella fascia pediatrica e soprattutto la complessit\u00e0 e gravit\u00e0 delle manifestazioni cliniche (pazienti poli-allergici con asma, allergia alimentare e talvolta reazioni allergiche gravi, fino all&#8217;anafilassi) rendono necessario un affinamento dei percorsi diagnostici e terapeutici. L\u2019asma in particolare colpisce una percentuale elevata di soggetti in et\u00e0 pediatrica (fino al 15-20%), con notevoli ricadute dal punto di vista socio-economico (costi diretti ed indiretti) ed individuali (evoluzione verso la cronicit\u00e0 e peggioramento della qualit\u00e0 della vita) e, nonostante le nuove opportunit\u00e0 offerte in ambito farmacologico e i continui aggiornamenti delle linee guida, permane una quota elevata di soggetti con asma non controllata.<\/p>\n\n\n\n<p>L\u2019allergia alimentare presenta anch\u2019essa un notevole impatto sociale con costi elevati in termine di diete speciali o necessit\u00e0 di trattamento farmacologico, a fronte di un rischio elevato di reazione allergica, anche grave, da esposizione accidentale all\u2019alimento causale e notevoli limitazioni ricreative e della qualit\u00e0 di vita.<\/p>\n\n\n\n<p>Le procedure di desensibilizzazione, ovvero immunoterapia, per alimenti, ancora poco note e poco utilizzate, rappresentano invece una possibile risorsa per modificare la storia clinica del paziente, ma debbono essere effettuate da personale esperto e conosciute e condivise con il pediatra di Famiglia.<\/p>\n\n\n\n<p>Il corso del prossimo dicembre affronter\u00e0 queste tematiche, in un\u2019ottica di rete, coinvolgendo pi\u00f9 centri Ospedalieri della Regione Liguria, afferenti al Gaslini e specialisti di diversa estrazione, dando spazio alla collaborazione con i Pediatri di Libera Scelta per realizzare insieme a loro percorsi assistenziali sull\u2019asma, l\u2019allergia alimentare e l\u2019anafilassi (anche da alimenti e farmaci) in tema di prevenzione, diagnosi, terapia ed appropriatezza prescrittiva.<\/p>\n\n\n\n<p><a href=\"https:\/\/congressiconvegni.it\/wp-content\/uploads\/2023\/09\/programma-corso-gaslini.pdf\">SCARICA IL PDF DEL PROGRAMMA<\/a><\/p>","protected":false},"author":2,"featured_media":11568,"menu_order":0,"comment_status":"open","ping_status":"closed","template":"","meta":{"jetpack_post_was_ever_published":false},"tags":[],"event_type":[],"event_type_2":[],"class_list":["post-11533","ajde_events","type-ajde_events","status-publish","has-post-thumbnail","hentry","event_location-starhotels-president"],"jetpack_sharing_enabled":true,"_links":{"self":[{"href":"https:\/\/congressiconvegni.it\/en\/wp-json\/wp\/v2\/ajde_events\/11533","targetHints":{"allow":["GET"]}}],"collection":[{"href":"https:\/\/congressiconvegni.it\/en\/wp-json\/wp\/v2\/ajde_events"}],"about":[{"href":"https:\/\/congressiconvegni.it\/en\/wp-json\/wp\/v2\/types\/ajde_events"}],"author":[{"embeddable":true,"href":"https:\/\/congressiconvegni.it\/en\/wp-json\/wp\/v2\/users\/2"}],"replies":[{"embeddable":true,"href":"https:\/\/congressiconvegni.it\/en\/wp-json\/wp\/v2\/comments?post=11533"}],"wp:featuredmedia":[{"embeddable":true,"href":"https:\/\/congressiconvegni.it\/en\/wp-json\/wp\/v2\/media\/11568"}],"wp:attachment":[{"href":"https:\/\/congressiconvegni.it\/en\/wp-json\/wp\/v2\/media?parent=11533"}],"wp:term":[{"taxonomy":"post_tag","embeddable":true,"href":"https:\/\/congressiconvegni.it\/en\/wp-json\/wp\/v2\/tags?post=11533"},{"taxonomy":"event_type","embeddable":true,"href":"https:\/\/congressiconvegni.it\/en\/wp-json\/wp\/v2\/event_type?post=11533"},{"taxonomy":"event_type_2","embeddable":true,"href":"https:\/\/congressiconvegni.it\/en\/wp-json\/wp\/v2\/event_type_2?post=11533"}],"curies":[{"name":"wp","href":"https:\/\/api.w.org\/{rel}","templated":true}]}}

<p>Le malattie allergiche hanno una notevole rilevanza epidemiologica e sono impegnative per la varietà dei quadri clinici ed il notevole impatto sulla qualità di vita del bambino e dei suoi genitori.</p>



<p>Il progressivo e costante aumento della prevalenza delle allergie nella fascia pediatrica e soprattutto la complessità e gravità delle manifestazioni cliniche (pazienti poli-allergici con asma, allergia alimentare e talvolta reazioni allergiche gravi, fino all&#8217;anafilassi) rendono necessario un affinamento dei percorsi diagnostici e terapeutici. L’asma in particolare colpisce una percentuale elevata di soggetti in età pediatrica (fino al 15-20%), con notevoli ricadute dal punto di vista socio-economico (costi diretti ed indiretti) ed individuali (evoluzione verso la cronicità e peggioramento della qualità della vita) e, nonostante le nuove opportunità offerte in ambito farmacologico e i continui aggiornamenti delle linee guida, permane una quota elevata di soggetti con asma non controllata.</p>



<p>L’allergia alimentare presenta anch’essa un notevole impatto sociale con costi elevati in termine di diete speciali o necessità di trattamento farmacologico, a fronte di un rischio elevato di reazione allergica, anche grave, da esposizione accidentale all’alimento causale e notevoli limitazioni ricreative e della qualità di vita.</p>



<p>Le procedure di desensibilizzazione, ovvero immunoterapia, per alimenti, ancora poco note e poco utilizzate, rappresentano invece una possibile risorsa per modificare la storia clinica del paziente, ma debbono essere effettuate da personale esperto e conosciute e condivise con il pediatra di Famiglia.</p>



<p>Il corso del prossimo dicembre affronterà queste tematiche, in un’ottica di rete, coinvolgendo più centri Ospedalieri della Regione Liguria, afferenti al Gaslini e specialisti di diversa estrazione, dando spazio alla collaborazione con i Pediatri di Libera Scelta per realizzare insieme a loro percorsi assistenziali sull’asma, l’allergia alimentare e l’anafilassi (anche da alimenti e farmaci) in tema di prevenzione, diagnosi, terapia ed appropriatezza prescrittiva.</p>



<p><a href="https://congressiconvegni.it/wp-content/uploads/2023/09/programma-corso-gaslini.pdf">SCARICA IL PDF DEL PROGRAMMA</a></p>
