{"id":11660,"date":"2023-08-31T17:33:44","date_gmt":"2023-08-31T15:33:44","guid":{"rendered":"https:\/\/congressiconvegni.it\/?post_type=ajde_events&#038;p=11660"},"modified":"2024-03-15T12:18:16","modified_gmt":"2024-03-15T11:18:16","slug":"9-congresso-inter-regionale-aaiito-liguria-e-piemonte-valle-daosta","status":"publish","type":"ajde_events","link":"https:\/\/congressiconvegni.it\/en\/eventi\/9-congresso-inter-regionale-aaiito-liguria-e-piemonte-valle-daosta\/","title":{"rendered":"9\u00b0 CONGRESSO INTER-REGIONALE AAIITO LIGURIA E PIEMONTE-VALLE D&#8217;AOSTA"},"content":{"rendered":"<p class=\"has-medium-font-size\"><\/p>\n\n\n\n<p class=\"has-medium-font-size\"><mark style=\"background-color:rgba(0, 0, 0, 0)\" class=\"has-inline-color has-luminous-vivid-orange-color\">N.B Le iscrizioni per il 9\u00b0 Congresso inter-regionale AAITTO 2024 sono chiuse!<\/mark><\/p>\n\n\n\n<p class=\"has-small-font-size\">IL Congresso Interregionale AAIITO \u00e8 ormai un appuntamento da non perdere per gli Allergologi, MMG e PLS che lavorano in Piemonte Liguria e Val D\u2019Aosta per la variet\u00e0 e attualit\u00e0 degli argomenti trattati.<\/p>\n\n\n\n<p class=\"has-small-font-size\">Anche quest\u2019anno un occhio di riguardo va a problematiche sempre attuali come asma bronchiale e BPCO, con un focus particolare su dermatite atopica e allergia a farmaci.<\/p>\n\n\n\n<p class=\"has-small-font-size\">A quest\u2019ultima \u00e8 dedicata una intera sessione, che si aprir\u00e0 con una lettura del nostro Vicepresidente che chiarir\u00e0 i confini di questa tematica rilevante e complessa.<\/p>\n\n\n\n<p class=\"has-small-font-size\">Il programma comprende gli aspetti immunologici e il coinvolgimento di specifiche cellule del sistema immunitario in patologie come la mastocitosi e la esofagite eosinofila, con le possibilit\u00e0 di utilizzo dei farmaci biologici che aprono le nuove frontiere della medicina di precisione. L\u2019allergia a veleno di imenotteri verr\u00e0 indagata anche alla luce dei cambiamenti climatici che influiscono sulla comparsa di nuove specie, con l\u2019ausilio di un illustre entomologo.<\/p>\n\n\n\n<p class=\"has-small-font-size\">Il punto conclusivo del convegno vedr\u00e0 il nostro Presidente in un confronto che parte dall\u2019esperienza del passato per consegnare ai nuovi specialisti ed anche a MMG e PLS i nuovi orientamenti nella terapia cardine dell\u2019allergologia, l\u2019immunoterapia allergene specifica, risorsa indispensabile a ridurre l\u2019impatto delle malattie allergiche.<\/p>","protected":false},"author":2,"featured_media":13969,"menu_order":0,"comment_status":"open","ping_status":"closed","template":"","meta":{"jetpack_post_was_ever_published":false},"tags":[],"event_type":[],"event_type_2":[],"class_list":["post-11660","ajde_events","type-ajde_events","status-publish","has-post-thumbnail","hentry","event_location-hotel-la-palma-stresa"],"jetpack_sharing_enabled":true,"_links":{"self":[{"href":"https:\/\/congressiconvegni.it\/en\/wp-json\/wp\/v2\/ajde_events\/11660","targetHints":{"allow":["GET"]}}],"collection":[{"href":"https:\/\/congressiconvegni.it\/en\/wp-json\/wp\/v2\/ajde_events"}],"about":[{"href":"https:\/\/congressiconvegni.it\/en\/wp-json\/wp\/v2\/types\/ajde_events"}],"author":[{"embeddable":true,"href":"https:\/\/congressiconvegni.it\/en\/wp-json\/wp\/v2\/users\/2"}],"replies":[{"embeddable":true,"href":"https:\/\/congressiconvegni.it\/en\/wp-json\/wp\/v2\/comments?post=11660"}],"wp:featuredmedia":[{"embeddable":true,"href":"https:\/\/congressiconvegni.it\/en\/wp-json\/wp\/v2\/media\/13969"}],"wp:attachment":[{"href":"https:\/\/congressiconvegni.it\/en\/wp-json\/wp\/v2\/media?parent=11660"}],"wp:term":[{"taxonomy":"post_tag","embeddable":true,"href":"https:\/\/congressiconvegni.it\/en\/wp-json\/wp\/v2\/tags?post=11660"},{"taxonomy":"event_type","embeddable":true,"href":"https:\/\/congressiconvegni.it\/en\/wp-json\/wp\/v2\/event_type?post=11660"},{"taxonomy":"event_type_2","embeddable":true,"href":"https:\/\/congressiconvegni.it\/en\/wp-json\/wp\/v2\/event_type_2?post=11660"}],"curies":[{"name":"wp","href":"https:\/\/api.w.org\/{rel}","templated":true}]}}

<p class="has-medium-font-size"></p>



<p class="has-medium-font-size"><mark style="background-color:rgba(0, 0, 0, 0)" class="has-inline-color has-luminous-vivid-orange-color">N.B Le iscrizioni per il 9° Congresso inter-regionale AAITTO 2024 sono chiuse!</mark></p>



<p class="has-small-font-size">IL Congresso Interregionale AAIITO è ormai un appuntamento da non perdere per gli Allergologi, MMG e PLS che lavorano in Piemonte Liguria e Val D’Aosta per la varietà e attualità degli argomenti trattati.</p>



<p class="has-small-font-size">Anche quest’anno un occhio di riguardo va a problematiche sempre attuali come asma bronchiale e BPCO, con un focus particolare su dermatite atopica e allergia a farmaci.</p>



<p class="has-small-font-size">A quest’ultima è dedicata una intera sessione, che si aprirà con una lettura del nostro Vicepresidente che chiarirà i confini di questa tematica rilevante e complessa.</p>



<p class="has-small-font-size">Il programma comprende gli aspetti immunologici e il coinvolgimento di specifiche cellule del sistema immunitario in patologie come la mastocitosi e la esofagite eosinofila, con le possibilità di utilizzo dei farmaci biologici che aprono le nuove frontiere della medicina di precisione. L’allergia a veleno di imenotteri verrà indagata anche alla luce dei cambiamenti climatici che influiscono sulla comparsa di nuove specie, con l’ausilio di un illustre entomologo.</p>



<p class="has-small-font-size">Il punto conclusivo del convegno vedrà il nostro Presidente in un confronto che parte dall’esperienza del passato per consegnare ai nuovi specialisti ed anche a MMG e PLS i nuovi orientamenti nella terapia cardine dell’allergologia, l’immunoterapia allergene specifica, risorsa indispensabile a ridurre l’impatto delle malattie allergiche.</p>
