{"id":14083,"date":"2024-01-23T14:55:46","date_gmt":"2024-01-23T13:55:46","guid":{"rendered":"https:\/\/congressiconvegni.it\/eventi\/criticita-e-nuove-prospettive-attraverso-casi-clinici\/"},"modified":"2024-03-25T11:58:12","modified_gmt":"2024-03-25T10:58:12","slug":"criticita-e-nuove-prospettive-attraverso-casi-clinici","status":"publish","type":"ajde_events","link":"https:\/\/congressiconvegni.it\/en\/eventi\/criticita-e-nuove-prospettive-attraverso-casi-clinici\/","title":{"rendered":"CELIACHIA: CRITICIT\u00c0 E NUOVE PROSPETTIVE ATTRAVERSO CASI CLINICI"},"content":{"rendered":"<p><\/p>\n\n\n\n<p>La celiachia si presenta in maniera molto variabile tanto da meritarsi la definizione di camaleonte clinico. Obiettivo del convegno organizzato da AIC Piemonte \u201cCeliachia: CRITICIT\u00c0 E NUOVE PROSPETTIVE ATTRAVERSO CASI CLINICI\u201d \u00e8 sensibilizzare la classe medica e tutti i professionisti sanitari a riconoscere la celiachia anche di fronte a sintomi diversi da quelli che colpiscono gli organi del tratto gastro-intestinale, per avviare cos\u00ec gli accertamenti specifici ed arrivare ad una diagnosi sempre pi\u00f9 precoce. Purtroppo, il percorso che porta alla diagnosi \u00e8 ancora difficoltoso e lungo, basti pensare che in media occorrono 6 anni per ricevere la diagnosi di celiachia. Tra le principali cause della sottostima di diagnosi va considerata la non sempre facile riconoscibilit\u00e0 della celiachia soprattutto in molti soggetti adulti in cui la celiachia \u00e8 in forma silente o potenziale oppure mascherata da sintomatologia differente da quella classica gastrointestinale. La presa in carico globale del paziente con celiachia prevede un approccio multidisciplinare e multidimensionale che necessita di essere sostenuto da una continuit\u00e0 assistenziale tra centro diagnosi e territorio che garantisca da un lato l\u2019appropriatezza dell\u2019iter diagnostico e dall\u2019altro un precoce riconoscimento di eventuali altri bisogni nella fase immediatamente post diagnosi e nel follow up. L&#8217;aderenza alla dieta senza glutine, unica terapia ad oggi disponibile, si aggira, a seconda della fascia d\u2019et\u00e0, tra il 27% e il 50% ad evidenziare il fatto che non \u00e8 solo una questione di alimentazione, ma richiede un\u2019attenzione anche verso gli aspetti psico-relazionali per supportare chi vive la celiachia nel processo di cambiamento e accettazione. Il convegno, dunque, affronter\u00e0 la Celiachia negli aspetti relativi alla presentazione clinica e alla diagnosi di celiachia ma anche negli aspetti pratici sulla gestione del paziente dopo la diagnosi, coinvolgendo tutti gli operatori della salute: <strong>Medici, Dietisti, Biologi, Infermieri, Psicologi e Farmacisti.<\/strong><\/p>\n\n\n\n<p>Sabato 6 Aprile 2024 08.30-13.30 (Convegno ECM)       <\/p>\n\n\n\n<p>Sabato 6 Aprile 2024 14.30-18.00 (riservato dietisti e psicologi)&nbsp;<\/p>\n\n\n\n<p><\/p>","protected":false},"author":2,"featured_media":14516,"menu_order":0,"comment_status":"open","ping_status":"closed","template":"","meta":{"jetpack_post_was_ever_published":false},"tags":[],"event_type":[304,285,308],"event_type_2":[],"class_list":["post-14083","ajde_events","type-ajde_events","status-publish","has-post-thumbnail","hentry","event_location-torino-nh-santo-stefano","event_type-celiachia","event_type-convegno-ecm","event_type-corso-ecm"],"jetpack_sharing_enabled":true,"_links":{"self":[{"href":"https:\/\/congressiconvegni.it\/en\/wp-json\/wp\/v2\/ajde_events\/14083","targetHints":{"allow":["GET"]}}],"collection":[{"href":"https:\/\/congressiconvegni.it\/en\/wp-json\/wp\/v2\/ajde_events"}],"about":[{"href":"https:\/\/congressiconvegni.it\/en\/wp-json\/wp\/v2\/types\/ajde_events"}],"author":[{"embeddable":true,"href":"https:\/\/congressiconvegni.it\/en\/wp-json\/wp\/v2\/users\/2"}],"replies":[{"embeddable":true,"href":"https:\/\/congressiconvegni.it\/en\/wp-json\/wp\/v2\/comments?post=14083"}],"wp:featuredmedia":[{"embeddable":true,"href":"https:\/\/congressiconvegni.it\/en\/wp-json\/wp\/v2\/media\/14516"}],"wp:attachment":[{"href":"https:\/\/congressiconvegni.it\/en\/wp-json\/wp\/v2\/media?parent=14083"}],"wp:term":[{"taxonomy":"post_tag","embeddable":true,"href":"https:\/\/congressiconvegni.it\/en\/wp-json\/wp\/v2\/tags?post=14083"},{"taxonomy":"event_type","embeddable":true,"href":"https:\/\/congressiconvegni.it\/en\/wp-json\/wp\/v2\/event_type?post=14083"},{"taxonomy":"event_type_2","embeddable":true,"href":"https:\/\/congressiconvegni.it\/en\/wp-json\/wp\/v2\/event_type_2?post=14083"}],"curies":[{"name":"wp","href":"https:\/\/api.w.org\/{rel}","templated":true}]}}

CELIACHIA: CRITICITÀ E NUOVE PROSPETTIVE ATTRAVERSO CASI CLINICI

<p></p>



<p>La celiachia si presenta in maniera molto variabile tanto da meritarsi la definizione di camaleonte clinico. Obiettivo del convegno organizzato da AIC Piemonte “Celiachia: CRITICITÀ E NUOVE PROSPETTIVE ATTRAVERSO CASI CLINICI” è sensibilizzare la classe medica e tutti i professionisti sanitari a riconoscere la celiachia anche di fronte a sintomi diversi da quelli che colpiscono gli organi del tratto gastro-intestinale, per avviare così gli accertamenti specifici ed arrivare ad una diagnosi sempre più precoce. Purtroppo, il percorso che porta alla diagnosi è ancora difficoltoso e lungo, basti pensare che in media occorrono 6 anni per ricevere la diagnosi di celiachia. Tra le principali cause della sottostima di diagnosi va considerata la non sempre facile riconoscibilità della celiachia soprattutto in molti soggetti adulti in cui la celiachia è in forma silente o potenziale oppure mascherata da sintomatologia differente da quella classica gastrointestinale. La presa in carico globale del paziente con celiachia prevede un approccio multidisciplinare e multidimensionale che necessita di essere sostenuto da una continuità assistenziale tra centro diagnosi e territorio che garantisca da un lato l’appropriatezza dell’iter diagnostico e dall’altro un precoce riconoscimento di eventuali altri bisogni nella fase immediatamente post diagnosi e nel follow up. L&#8217;aderenza alla dieta senza glutine, unica terapia ad oggi disponibile, si aggira, a seconda della fascia d’età, tra il 27% e il 50% ad evidenziare il fatto che non è solo una questione di alimentazione, ma richiede un’attenzione anche verso gli aspetti psico-relazionali per supportare chi vive la celiachia nel processo di cambiamento e accettazione. Il convegno, dunque, affronterà la Celiachia negli aspetti relativi alla presentazione clinica e alla diagnosi di celiachia ma anche negli aspetti pratici sulla gestione del paziente dopo la diagnosi, coinvolgendo tutti gli operatori della salute: <strong>Medici, Dietisti, Biologi, Infermieri, Psicologi e Farmacisti.</strong></p>



<p>Sabato 6 Aprile 2024 08.30-13.30 (Convegno ECM)       </p>



<p>Sabato 6 Aprile 2024 14.30-18.00 (riservato dietisti e psicologi)&nbsp;</p>



<p></p>
