{"id":14087,"date":"2024-03-25T17:30:19","date_gmt":"2024-03-25T16:30:19","guid":{"rendered":"https:\/\/congressiconvegni.it\/?post_type=ajde_events&#038;p=14087"},"modified":"2025-01-07T15:07:25","modified_gmt":"2025-01-07T14:07:25","slug":"i-lembi-ricostruttivi-e-la-chirurgia-del-distretto-testa-collo","status":"publish","type":"ajde_events","link":"https:\/\/congressiconvegni.it\/en\/eventi\/i-lembi-ricostruttivi-e-la-chirurgia-del-distretto-testa-collo\/","title":{"rendered":"I lembi ricostruttivi e la chirurgia del distretto testa-collo"},"content":{"rendered":"<p>Il corso di dissezione head and neck su preparati anatomici interi trattati con la tecnica Thiel Embalming, permette di eseguire procedure dissettive in condizioni realistiche simili a quelle eseguibili in sala operatoria per tutte e due le giornate del corso. Avendo a disposizione un preparato anatomico intero ogni 2 partecipanti \u00e8 possibile effettuare una completa dissezione anatomica, propedeutica<br \/>all\u2019esecuzione di interventi chirurgici, grazie alla costante presenza al tavolo<br \/>di tutor esperti. Essendo previste 18 ore complessive di dissezione, i discenti potranno<br \/>approfondire le proprie conoscenze anatomiche, spaziando dalla chirurgia oncologica a quella ricostruttiva poich\u00e9 ampio spazio \u00e8 dedicato ai lembi liberi o locali di interesse otorinolaringoiatrico e maxillo facciale. Obiettivo del corso \u00e8 quello di completare la propria conoscenza topografica del distretto<br \/>testa e collo, ricercando le strutture fondamentali e i punti di repere, vasi e nervi che possono essere identificati e trattati sino al diametro di 1 mm.<\/p>\n\n\n\n<p><\/p>\n\n\n\n<p><strong><mark style=\"background-color:rgba(0, 0, 0, 0)\" class=\"has-inline-color has-luminous-vivid-orange-color\">Responsabili Scientifici:<\/mark><\/strong><\/p>\n\n\n\n<p><strong>Dr. Ruggero Guglielmetti <\/strong>Direttore della SC Otorinolaringoiatria<strong> &#8211; <\/strong>ASL VCO &#8211; Ospedale San Biagio -Domodossola<\/p>\n\n\n\n<p>Dr. <strong>Andrea Toso<\/strong> Responsabile S.S.D. Otorinolaringoiatria &#8211; ASL Novara &#8211; Ospedale SS Trinit\u00e0 &#8211;<br \/>Borgomanero<\/p>","protected":false},"author":2,"featured_media":14775,"menu_order":0,"comment_status":"closed","ping_status":"closed","template":"","meta":{"jetpack_post_was_ever_published":false},"tags":[],"event_type":[],"event_type_2":[],"class_list":["post-14087","ajde_events","type-ajde_events","status-publish","has-post-thumbnail","hentry","event_location-malta"],"jetpack_sharing_enabled":true,"_links":{"self":[{"href":"https:\/\/congressiconvegni.it\/en\/wp-json\/wp\/v2\/ajde_events\/14087","targetHints":{"allow":["GET"]}}],"collection":[{"href":"https:\/\/congressiconvegni.it\/en\/wp-json\/wp\/v2\/ajde_events"}],"about":[{"href":"https:\/\/congressiconvegni.it\/en\/wp-json\/wp\/v2\/types\/ajde_events"}],"author":[{"embeddable":true,"href":"https:\/\/congressiconvegni.it\/en\/wp-json\/wp\/v2\/users\/2"}],"replies":[{"embeddable":true,"href":"https:\/\/congressiconvegni.it\/en\/wp-json\/wp\/v2\/comments?post=14087"}],"wp:featuredmedia":[{"embeddable":true,"href":"https:\/\/congressiconvegni.it\/en\/wp-json\/wp\/v2\/media\/14775"}],"wp:attachment":[{"href":"https:\/\/congressiconvegni.it\/en\/wp-json\/wp\/v2\/media?parent=14087"}],"wp:term":[{"taxonomy":"post_tag","embeddable":true,"href":"https:\/\/congressiconvegni.it\/en\/wp-json\/wp\/v2\/tags?post=14087"},{"taxonomy":"event_type","embeddable":true,"href":"https:\/\/congressiconvegni.it\/en\/wp-json\/wp\/v2\/event_type?post=14087"},{"taxonomy":"event_type_2","embeddable":true,"href":"https:\/\/congressiconvegni.it\/en\/wp-json\/wp\/v2\/event_type_2?post=14087"}],"curies":[{"name":"wp","href":"https:\/\/api.w.org\/{rel}","templated":true}]}}

<p>Il corso di dissezione head and neck su preparati anatomici interi trattati con la tecnica Thiel Embalming, permette di eseguire procedure dissettive in condizioni realistiche simili a quelle eseguibili in sala operatoria per tutte e due le giornate del corso. Avendo a disposizione un preparato anatomico intero ogni 2 partecipanti è possibile effettuare una completa dissezione anatomica, propedeutica<br />all’esecuzione di interventi chirurgici, grazie alla costante presenza al tavolo<br />di tutor esperti. Essendo previste 18 ore complessive di dissezione, i discenti potranno<br />approfondire le proprie conoscenze anatomiche, spaziando dalla chirurgia oncologica a quella ricostruttiva poiché ampio spazio è dedicato ai lembi liberi o locali di interesse otorinolaringoiatrico e maxillo facciale. Obiettivo del corso è quello di completare la propria conoscenza topografica del distretto<br />testa e collo, ricercando le strutture fondamentali e i punti di repere, vasi e nervi che possono essere identificati e trattati sino al diametro di 1 mm.</p>



<p></p>



<p><strong><mark style="background-color:rgba(0, 0, 0, 0)" class="has-inline-color has-luminous-vivid-orange-color">Responsabili Scientifici:</mark></strong></p>



<p><strong>Dr. Ruggero Guglielmetti </strong>Direttore della SC Otorinolaringoiatria<strong> &#8211; </strong>ASL VCO &#8211; Ospedale San Biagio -Domodossola</p>



<p>Dr. <strong>Andrea Toso</strong> Responsabile S.S.D. Otorinolaringoiatria &#8211; ASL Novara &#8211; Ospedale SS Trinità &#8211;<br />Borgomanero</p>
