{"id":14977,"date":"2024-07-02T16:48:12","date_gmt":"2024-07-02T14:48:12","guid":{"rendered":"https:\/\/congressiconvegni.it\/?post_type=ajde_events&#038;p=14977"},"modified":"2024-11-11T15:31:36","modified_gmt":"2024-11-11T14:31:36","slug":"3-convegno-multidisciplinarerespiratory-pain-and-sport-medicine","status":"publish","type":"ajde_events","link":"https:\/\/congressiconvegni.it\/en\/eventi\/3-convegno-multidisciplinarerespiratory-pain-and-sport-medicine\/","title":{"rendered":"3\u00b0 Convegno Multidisciplinare: RESPIRATORY PAIN AND SPORT MEDICINE"},"content":{"rendered":"<p>Il Pronto Soccorso, spazio multidisciplinare e interfaccia tra territorio e ospedale, si confronta quotidianamente con pazienti che presentano difficolt\u00e0 respiratoria o dolore che rappresentano i motivi di visita percentualmente pi\u00f9 rilevanti. La ricerca di base pu\u00f2 apportare un valore aggiunto nell\u2019approccio diagnostico e terapeutico nella comprensione di queste problematiche. Obiettivo della giornata avvicinare i differenti attori di tutte le specialit\u00e0 interessate per condividere, apprendere e promuovere formazione utile al miglioramento della cura dei pazienti. Saranno sviluppati gli aspetti di fisiopatologia, di classificazione clinica e di gestione terapeutica utili a consentire la gestione ottimale sia in ambito intra<br \/>che extraospedaliero.<\/p>","protected":false},"author":2,"featured_media":14978,"menu_order":0,"comment_status":"closed","ping_status":"closed","template":"","meta":{"jetpack_post_was_ever_published":false},"tags":[],"event_type":[],"event_type_2":[],"class_list":["post-14977","ajde_events","type-ajde_events","status-publish","has-post-thumbnail","hentry","event_location-grand-hotel-des-anglais"],"jetpack_sharing_enabled":true,"_links":{"self":[{"href":"https:\/\/congressiconvegni.it\/en\/wp-json\/wp\/v2\/ajde_events\/14977","targetHints":{"allow":["GET"]}}],"collection":[{"href":"https:\/\/congressiconvegni.it\/en\/wp-json\/wp\/v2\/ajde_events"}],"about":[{"href":"https:\/\/congressiconvegni.it\/en\/wp-json\/wp\/v2\/types\/ajde_events"}],"author":[{"embeddable":true,"href":"https:\/\/congressiconvegni.it\/en\/wp-json\/wp\/v2\/users\/2"}],"replies":[{"embeddable":true,"href":"https:\/\/congressiconvegni.it\/en\/wp-json\/wp\/v2\/comments?post=14977"}],"wp:featuredmedia":[{"embeddable":true,"href":"https:\/\/congressiconvegni.it\/en\/wp-json\/wp\/v2\/media\/14978"}],"wp:attachment":[{"href":"https:\/\/congressiconvegni.it\/en\/wp-json\/wp\/v2\/media?parent=14977"}],"wp:term":[{"taxonomy":"post_tag","embeddable":true,"href":"https:\/\/congressiconvegni.it\/en\/wp-json\/wp\/v2\/tags?post=14977"},{"taxonomy":"event_type","embeddable":true,"href":"https:\/\/congressiconvegni.it\/en\/wp-json\/wp\/v2\/event_type?post=14977"},{"taxonomy":"event_type_2","embeddable":true,"href":"https:\/\/congressiconvegni.it\/en\/wp-json\/wp\/v2\/event_type_2?post=14977"}],"curies":[{"name":"wp","href":"https:\/\/api.w.org\/{rel}","templated":true}]}}

<p>Il Pronto Soccorso, spazio multidisciplinare e interfaccia tra territorio e ospedale, si confronta quotidianamente con pazienti che presentano difficoltà respiratoria o dolore che rappresentano i motivi di visita percentualmente più rilevanti. La ricerca di base può apportare un valore aggiunto nell’approccio diagnostico e terapeutico nella comprensione di queste problematiche. Obiettivo della giornata avvicinare i differenti attori di tutte le specialità interessate per condividere, apprendere e promuovere formazione utile al miglioramento della cura dei pazienti. Saranno sviluppati gli aspetti di fisiopatologia, di classificazione clinica e di gestione terapeutica utili a consentire la gestione ottimale sia in ambito intra<br />che extraospedaliero.</p>
