{"id":15090,"date":"2024-09-04T16:19:54","date_gmt":"2024-09-04T14:19:54","guid":{"rendered":"https:\/\/congressiconvegni.it\/?post_type=ajde_events&#038;p=15090"},"modified":"2024-11-18T14:58:28","modified_gmt":"2024-11-18T13:58:28","slug":"dal-naso-al-polmone-2-edizionenuove-evidenze-clinico-terapeutichenelladulto-e-nel-bambino","status":"publish","type":"ajde_events","link":"https:\/\/congressiconvegni.it\/en\/eventi\/dal-naso-al-polmone-2-edizionenuove-evidenze-clinico-terapeutichenelladulto-e-nel-bambino\/","title":{"rendered":"Dal NASO al POLMONE 2\u00b0 edizione: nuove evidenze clinico terapeutiche nell\u2019adulto e nel bambino"},"content":{"rendered":"<p><\/p>\n\n\n\n<p>Le patologie delle vie respiratorie sono in costante aumento sia in et\u00e0 pediatrica che in et\u00e0 adulta.<br \/>In questo ambito l\u2019approccio multidisciplinare \u00e8 fondamentale per dare al paziente la migliore terapia possibile; specialisti delle varie discipline, i Medici di Medicina Generale e i Pediatri hanno bisogno di un confronto continuo sulla diagnosi di queste patologie, sulla modalit\u00e0 di somministrazione dei nuovi farmaci, sui dosaggi, sulle indicazioni chirurgiche e sulle prospettive terapeutiche pi\u00f9 nuove per ogni paziente. Le patologie ostruttive del naso e dell\u2019orofaringe nell\u2019adulto e nel bambino e le apnee del sonno spesso ad esse correlate assumono sempre maggiore rilevanza clinica e sociale, importante \u00e8 il corretto inquadramento diagnostico per attuare terapie mediche e chirurgiche realmente efficaci.<br \/>In particolare per l\u2019asma diventa fondamentale adattare tali terapie all\u2019et\u00e0 dei pazienti e alla severit\u00e0 della patologia, ormai \u00e8 possibile fenotipizzarne alcuni tipi e trattarli con una moderna Medicina di precisione; le rinosinusiti con e senza polipi possono essere trattate sia con una terapia chirurgica che con una terapia con anticorpi monoclonali correlati alla infiammazione di tipo 2 e alla eventuale eosinofilia. Utile \u00e8 approfondire l\u2019argomento delle differenze fra allergie e intolleranze alimentari, un aspetto spesso controverso<br \/>sia in ambito medico che sociale.<\/p>","protected":false},"author":2,"featured_media":15095,"menu_order":0,"comment_status":"closed","ping_status":"closed","template":"","meta":{"jetpack_post_was_ever_published":false},"tags":[],"event_type":[],"event_type_2":[],"class_list":["post-15090","ajde_events","type-ajde_events","status-publish","has-post-thumbnail","hentry","event_location-r-s-a-massimo-lagostina-onlus-sala-polivalente"],"jetpack_sharing_enabled":true,"_links":{"self":[{"href":"https:\/\/congressiconvegni.it\/en\/wp-json\/wp\/v2\/ajde_events\/15090","targetHints":{"allow":["GET"]}}],"collection":[{"href":"https:\/\/congressiconvegni.it\/en\/wp-json\/wp\/v2\/ajde_events"}],"about":[{"href":"https:\/\/congressiconvegni.it\/en\/wp-json\/wp\/v2\/types\/ajde_events"}],"author":[{"embeddable":true,"href":"https:\/\/congressiconvegni.it\/en\/wp-json\/wp\/v2\/users\/2"}],"replies":[{"embeddable":true,"href":"https:\/\/congressiconvegni.it\/en\/wp-json\/wp\/v2\/comments?post=15090"}],"wp:featuredmedia":[{"embeddable":true,"href":"https:\/\/congressiconvegni.it\/en\/wp-json\/wp\/v2\/media\/15095"}],"wp:attachment":[{"href":"https:\/\/congressiconvegni.it\/en\/wp-json\/wp\/v2\/media?parent=15090"}],"wp:term":[{"taxonomy":"post_tag","embeddable":true,"href":"https:\/\/congressiconvegni.it\/en\/wp-json\/wp\/v2\/tags?post=15090"},{"taxonomy":"event_type","embeddable":true,"href":"https:\/\/congressiconvegni.it\/en\/wp-json\/wp\/v2\/event_type?post=15090"},{"taxonomy":"event_type_2","embeddable":true,"href":"https:\/\/congressiconvegni.it\/en\/wp-json\/wp\/v2\/event_type_2?post=15090"}],"curies":[{"name":"wp","href":"https:\/\/api.w.org\/{rel}","templated":true}]}}

<p></p>



<p>Le patologie delle vie respiratorie sono in costante aumento sia in età pediatrica che in età adulta.<br />In questo ambito l’approccio multidisciplinare è fondamentale per dare al paziente la migliore terapia possibile; specialisti delle varie discipline, i Medici di Medicina Generale e i Pediatri hanno bisogno di un confronto continuo sulla diagnosi di queste patologie, sulla modalità di somministrazione dei nuovi farmaci, sui dosaggi, sulle indicazioni chirurgiche e sulle prospettive terapeutiche più nuove per ogni paziente. Le patologie ostruttive del naso e dell’orofaringe nell’adulto e nel bambino e le apnee del sonno spesso ad esse correlate assumono sempre maggiore rilevanza clinica e sociale, importante è il corretto inquadramento diagnostico per attuare terapie mediche e chirurgiche realmente efficaci.<br />In particolare per l’asma diventa fondamentale adattare tali terapie all’età dei pazienti e alla severità della patologia, ormai è possibile fenotipizzarne alcuni tipi e trattarli con una moderna Medicina di precisione; le rinosinusiti con e senza polipi possono essere trattate sia con una terapia chirurgica che con una terapia con anticorpi monoclonali correlati alla infiammazione di tipo 2 e alla eventuale eosinofilia. Utile è approfondire l’argomento delle differenze fra allergie e intolleranze alimentari, un aspetto spesso controverso<br />sia in ambito medico che sociale.</p>
