{"id":15189,"date":"2024-10-25T17:32:13","date_gmt":"2024-10-25T15:32:13","guid":{"rendered":"https:\/\/congressiconvegni.it\/eventi\/liceberg-della-celiachia-il-programma-nazionale-di-screening-pediatrico-12convegno-nazionale-aic\/"},"modified":"2024-11-05T17:07:55","modified_gmt":"2024-11-05T16:07:55","slug":"liceberg-della-celiachia-il-programma-nazionale-di-screening-pediatrico-12convegno-nazionale-aic-cestino","status":"publish","type":"ajde_events","link":"https:\/\/congressiconvegni.it\/en\/eventi\/liceberg-della-celiachia-il-programma-nazionale-di-screening-pediatrico-12convegno-nazionale-aic-cestino\/","title":{"rendered":"L\u2019iceberg della celiachia: il programma nazionale di screening pediatrico                           12\u00b0CONVEGNO NAZIONALE AIC"},"content":{"rendered":"<p>\u00c8 stata approvata dalla Camera il 15 Settembre 2023 la Legge 130\/2023 recante \u201cDisposizioni concernenti la definizione di un programma diagnostico per l\u2019individuazione del diabete di tipo 1 e della celiachia nella popolazione pediatrica\u201d. Questo atto normativo, per la prima volta a livello globale, sancisce un programma di screening della popolazione generale per celiachia e diabete di tipo 1. <\/p>\n\n\n\n<p>Le aspettative sulle ricadute di sanit\u00e0 pubblica e di conoscenza scientifica per entrambe<br \/>le condizioni sono molto alte. In particolare, la celiachia \u00e8 ancora fortemente sottodiagnosticata: solo il 40% delle persone attese sono diagnosticate e quindi adeguatamente trattate. Sebbene le diagnosi, negli anni andate ad aumentare, daI poco pi\u00f9 di 60 mila casi del 2007 fino agli oltre 251 mila del 2022, restano ancora circa 350.000 persone non diagnosticate e\/o mis-diagnosticate.<\/p>\n\n\n\n<p>Il convegno sar\u00e0 l\u2019occasione per presentare:<\/p>\n\n\n\n<ul class=\"wp-block-list\">\n<li>i primi dati sull\u2019accettabilit\u00e0 e la sostenibilit\u00e0 dello screening a livello territoriale, cos\u00ec<br \/>come testato in 4 Regioni italiane (Lombardia, Sardegna, Marche e Campania),<\/li>\n\n\n\n<li>le basi scientifiche a supporto dello screening della celiachia e<\/li>\n\n\n\n<li>l\u2019epidemiologia e la storia naturale della celiachia.<\/li>\n<\/ul>\n\n\n\n<p><\/p>","protected":false},"author":2,"featured_media":15216,"menu_order":0,"comment_status":"closed","ping_status":"closed","template":"","meta":{"jetpack_post_was_ever_published":true},"tags":[],"event_type":[285],"event_type_2":[],"class_list":["post-15189","ajde_events","type-ajde_events","status-publish","has-post-thumbnail","hentry","event_location-diretta-streaming","event_type-convegno-ecm"],"jetpack_sharing_enabled":true,"_links":{"self":[{"href":"https:\/\/congressiconvegni.it\/en\/wp-json\/wp\/v2\/ajde_events\/15189","targetHints":{"allow":["GET"]}}],"collection":[{"href":"https:\/\/congressiconvegni.it\/en\/wp-json\/wp\/v2\/ajde_events"}],"about":[{"href":"https:\/\/congressiconvegni.it\/en\/wp-json\/wp\/v2\/types\/ajde_events"}],"author":[{"embeddable":true,"href":"https:\/\/congressiconvegni.it\/en\/wp-json\/wp\/v2\/users\/2"}],"replies":[{"embeddable":true,"href":"https:\/\/congressiconvegni.it\/en\/wp-json\/wp\/v2\/comments?post=15189"}],"wp:featuredmedia":[{"embeddable":true,"href":"https:\/\/congressiconvegni.it\/en\/wp-json\/wp\/v2\/media\/15216"}],"wp:attachment":[{"href":"https:\/\/congressiconvegni.it\/en\/wp-json\/wp\/v2\/media?parent=15189"}],"wp:term":[{"taxonomy":"post_tag","embeddable":true,"href":"https:\/\/congressiconvegni.it\/en\/wp-json\/wp\/v2\/tags?post=15189"},{"taxonomy":"event_type","embeddable":true,"href":"https:\/\/congressiconvegni.it\/en\/wp-json\/wp\/v2\/event_type?post=15189"},{"taxonomy":"event_type_2","embeddable":true,"href":"https:\/\/congressiconvegni.it\/en\/wp-json\/wp\/v2\/event_type_2?post=15189"}],"curies":[{"name":"wp","href":"https:\/\/api.w.org\/{rel}","templated":true}]}}

<p>È stata approvata dalla Camera il 15 Settembre 2023 la Legge 130/2023 recante “Disposizioni concernenti la definizione di un programma diagnostico per l’individuazione del diabete di tipo 1 e della celiachia nella popolazione pediatrica”. Questo atto normativo, per la prima volta a livello globale, sancisce un programma di screening della popolazione generale per celiachia e diabete di tipo 1. </p>



<p>Le aspettative sulle ricadute di sanità pubblica e di conoscenza scientifica per entrambe<br />le condizioni sono molto alte. In particolare, la celiachia è ancora fortemente sottodiagnosticata: solo il 40% delle persone attese sono diagnosticate e quindi adeguatamente trattate. Sebbene le diagnosi, negli anni andate ad aumentare, daI poco più di 60 mila casi del 2007 fino agli oltre 251 mila del 2022, restano ancora circa 350.000 persone non diagnosticate e/o mis-diagnosticate.</p>



<p>Il convegno sarà l’occasione per presentare:</p>



<ul class="wp-block-list">
<li>i primi dati sull’accettabilità e la sostenibilità dello screening a livello territoriale, così<br />come testato in 4 Regioni italiane (Lombardia, Sardegna, Marche e Campania),</li>



<li>le basi scientifiche a supporto dello screening della celiachia e</li>



<li>l’epidemiologia e la storia naturale della celiachia.</li>
</ul>



<p></p>
