{"id":15827,"date":"2026-03-17T10:56:14","date_gmt":"2026-03-17T09:56:14","guid":{"rendered":"https:\/\/congressiconvegni.it\/?post_type=ajde_events&#038;p=15827"},"modified":"2026-03-17T12:53:15","modified_gmt":"2026-03-17T11:53:15","slug":"malattie-ostruttive-delle-vie-aereepercorsi-ed-appropriatezza","status":"publish","type":"ajde_events","link":"https:\/\/congressiconvegni.it\/en\/eventi\/malattie-ostruttive-delle-vie-aereepercorsi-ed-appropriatezza\/","title":{"rendered":"MALATTIE OSTRUTTIVE DELLE VIE AEREE Percorsi ed Appropriatezza"},"content":{"rendered":"<p>Le malattie conseguenti all\u2019ostruzione delle vie aeree, superiori o inferiori, hanno un impatto di non poco conto per la Sanit\u00e0 Pubblica. Partendo dalle vie aeree superiori, le Apnee Ostruttive nel Sonno (OSA), in grado di determinare rilevanti sequele cardiovascolari e metaboliche e, per la sonnolenza diurna associata, un aumento degli incidenti stradali. rappresentano la forma pi\u00f9 comune di Disturbo Respiratorio nel Sonno. Dati recenti stimano in Italia una prevalenza pari ad oltre 12 milioni persone affette da OSA moderata-grave (27% della popolazione adulta) ed una prevalenza complessiva di oltre 24 milioni di persone di et\u00e0 compresa tra 15 &#8211; 74 anni con OSA lieve e medio-grave (54% della popolazione adulta). Si stima che solo il 4% dei pazienti affetti OSA moderata-grave venga diagnosticata e solo il 2% trattata. Anche la rinosinusite cronica con poliposi con una prevalenza fra 1-5% rappresenta ed una associazione con l\u2019asma grave nel 40%-70% dei casi \u00e8 meritevole di attenzione. Non sono da trascurare i costi dovuti alla necessit\u00e0 di ripetuti interventi chirurgici e\/o agli effetti collaterali degli steroidi orali che spesso vengono assunti per lunghi periodi, quali osteoporosi, diabete, cataratta, obesit\u00e0, ipertensione, glaucoma.<\/p>\n\n\n\n<p>Arrivando alle vie aeree inferiori, La BPCO, malattia prevenibile e trattabile \u00e8 ormai la terza causa di morte nel mondo, mentre l\u2019asma (la malattia pi\u00f9 frequente in et\u00e0 pediatrica) che affligge circa 300 milioni di persone, nel 5% dei casi \u00e8 nella forma grave, fonte dell\u201980% delle spese sanitarie. Purtroppo, il 30% dei pazienti con BPCO arriva alla diagnosi (prima spirometria) gi\u00e0 ad uno stadio moderato-grave (GOLD 2-3), ovvero quando le alterazioni (irreversibili) sono pi\u00f9 avanzate, mentre ancora oggi si assiste ad un trattamento non corretto dell\u2019asma grave, con abuso di steroide orale o salbutamolo.<\/p>\n\n\n\n<p>La riunione odierna ha come obbiettivo quello di valorizzare l\u2019impatto sanitario delle malattie delle vie respiratorie, nonch\u00e9 la loro complessit\u00e0 gestionale, per le quale \u00e8 oggi necessaria una sempre pi\u00f9 stretta collaborazione fra specialisti di diverse branche.<\/p>","protected":false},"author":2,"featured_media":14164,"menu_order":0,"comment_status":"closed","ping_status":"closed","template":"","meta":{"jetpack_post_was_ever_published":false},"tags":[],"event_type":[],"event_type_2":[],"class_list":["post-15827","ajde_events","type-ajde_events","status-publish","has-post-thumbnail","hentry","event_location-hotel-regina-alassio"],"jetpack_sharing_enabled":true,"_links":{"self":[{"href":"https:\/\/congressiconvegni.it\/en\/wp-json\/wp\/v2\/ajde_events\/15827","targetHints":{"allow":["GET"]}}],"collection":[{"href":"https:\/\/congressiconvegni.it\/en\/wp-json\/wp\/v2\/ajde_events"}],"about":[{"href":"https:\/\/congressiconvegni.it\/en\/wp-json\/wp\/v2\/types\/ajde_events"}],"author":[{"embeddable":true,"href":"https:\/\/congressiconvegni.it\/en\/wp-json\/wp\/v2\/users\/2"}],"replies":[{"embeddable":true,"href":"https:\/\/congressiconvegni.it\/en\/wp-json\/wp\/v2\/comments?post=15827"}],"wp:featuredmedia":[{"embeddable":true,"href":"https:\/\/congressiconvegni.it\/en\/wp-json\/wp\/v2\/media\/14164"}],"wp:attachment":[{"href":"https:\/\/congressiconvegni.it\/en\/wp-json\/wp\/v2\/media?parent=15827"}],"wp:term":[{"taxonomy":"post_tag","embeddable":true,"href":"https:\/\/congressiconvegni.it\/en\/wp-json\/wp\/v2\/tags?post=15827"},{"taxonomy":"event_type","embeddable":true,"href":"https:\/\/congressiconvegni.it\/en\/wp-json\/wp\/v2\/event_type?post=15827"},{"taxonomy":"event_type_2","embeddable":true,"href":"https:\/\/congressiconvegni.it\/en\/wp-json\/wp\/v2\/event_type_2?post=15827"}],"curies":[{"name":"wp","href":"https:\/\/api.w.org\/{rel}","templated":true}]}}

<p>Le malattie conseguenti all’ostruzione delle vie aeree, superiori o inferiori, hanno un impatto di non poco conto per la Sanità Pubblica. Partendo dalle vie aeree superiori, le Apnee Ostruttive nel Sonno (OSA), in grado di determinare rilevanti sequele cardiovascolari e metaboliche e, per la sonnolenza diurna associata, un aumento degli incidenti stradali. rappresentano la forma più comune di Disturbo Respiratorio nel Sonno. Dati recenti stimano in Italia una prevalenza pari ad oltre 12 milioni persone affette da OSA moderata-grave (27% della popolazione adulta) ed una prevalenza complessiva di oltre 24 milioni di persone di età compresa tra 15 &#8211; 74 anni con OSA lieve e medio-grave (54% della popolazione adulta). Si stima che solo il 4% dei pazienti affetti OSA moderata-grave venga diagnosticata e solo il 2% trattata. Anche la rinosinusite cronica con poliposi con una prevalenza fra 1-5% rappresenta ed una associazione con l’asma grave nel 40%-70% dei casi è meritevole di attenzione. Non sono da trascurare i costi dovuti alla necessità di ripetuti interventi chirurgici e/o agli effetti collaterali degli steroidi orali che spesso vengono assunti per lunghi periodi, quali osteoporosi, diabete, cataratta, obesità, ipertensione, glaucoma.</p>



<p>Arrivando alle vie aeree inferiori, La BPCO, malattia prevenibile e trattabile è ormai la terza causa di morte nel mondo, mentre l’asma (la malattia più frequente in età pediatrica) che affligge circa 300 milioni di persone, nel 5% dei casi è nella forma grave, fonte dell’80% delle spese sanitarie. Purtroppo, il 30% dei pazienti con BPCO arriva alla diagnosi (prima spirometria) già ad uno stadio moderato-grave (GOLD 2-3), ovvero quando le alterazioni (irreversibili) sono più avanzate, mentre ancora oggi si assiste ad un trattamento non corretto dell’asma grave, con abuso di steroide orale o salbutamolo.</p>



<p>La riunione odierna ha come obbiettivo quello di valorizzare l’impatto sanitario delle malattie delle vie respiratorie, nonché la loro complessità gestionale, per le quale è oggi necessaria una sempre più stretta collaborazione fra specialisti di diverse branche.</p>
