{"id":9382,"date":"2022-05-16T17:20:33","date_gmt":"2022-05-16T15:20:33","guid":{"rendered":"https:\/\/congressiconvegni.it\/eventi\/7-congresso-interregionale-aaiito-liguria-piemonte-e-valle-daosta\/"},"modified":"2022-09-13T17:02:33","modified_gmt":"2022-09-13T15:02:33","slug":"7-congresso-interregionale-aaiito-liguria-piemonte-e-valle-daosta","status":"publish","type":"ajde_events","link":"https:\/\/congressiconvegni.it\/en\/eventi\/7-congresso-interregionale-aaiito-liguria-piemonte-e-valle-daosta\/","title":{"rendered":"7\u00b0 Congresso Interregionale AAIITO Liguria &#8211; Piemonte e Valle d&#8217;Aosta"},"content":{"rendered":"<p>Il Congresso Interregionale di Allergologia \u00e8 ormai diventato una consuetudine per chi affronta quotidianamente, come Specialista, MMG o PLS, le sempre pi\u00f9 frequenti patologie immunoallergologiche, che meritano di essere sempre di pi\u00f9 indagate, valutate e adeguatamente trattate.<\/p>\n\n\n\n<p>L\u2019 Allergologo, come specialista di sistema e non di organo, ha una visione generale del Paziente e lo segue spesso dall\u2019et\u00e0 pediatrica a quella adulta. I molteplici aspetti delle malattie allergiche, come la rinite allergica e l\u2019orticaria cronica spontanea, la poliposi nasale e i vari fenotipi di asma coinvolgono via via altri specialisti, il pediatra, il medico di medicina generale; l\u2019allergologo pu\u00f2 fungere da raccordo, e grazie alle sue competenze specifiche, impostare nel momento giusto le terapie pi\u00f9 adeguate e personalizzate.<\/p>\n\n\n\n<p>E\u2019 importante esaminare assieme come i cambiamenti climatici possano influire sull\u2019evoluzione delle allergie respiratorie, come sospettare, riconoscere e trattare rinite ed asma, verificarne l\u2019evoluzione e garantire un corretto monitoraggio nel tempo.<\/p>\n\n\n\n<p>L\u2019utilizzo di molecole farmacologiche sempre nuove e specifiche per varie patologie genera fenomeni di interferenza tra farmaci che si esprimono anche con manifestazioni di tipo allergico che necessitano di approfondimenti diagnostici complessi.<\/p>\n\n\n\n<p>L\u2019esperienza della campagna vaccinale per contenere la pandemia da Sars Cov 2 ha messo in rilievo le conoscenze specifiche allergologiche su allergia a farmaci e sull\u2019uso dei vaccini, permettendo un lavoro di squadra con i Colleghi favorendo la somministrazione di questa indispensabile terapia in sicurezza. QUINDI Avere un approccio univoco al problema allergia farmacologica \u00e8 importante ed \u00e8 opportuno disporre di un linguaggio comune e di un rapporto di collaborazione stretta tra Specialista e Medico Curante.<\/p>\n\n\n\n<p>L\u2019obiettivo del Congresso \u00e8 di continuare la sensibilizzazione di tutti i sanitari verso queste patologie approfondendo man mano gli aspetti che necessitano di una riflessione e di un aggiornamento alla luce dell\u2019evoluzione delle conoscenze specifiche.<\/p>\n\n\n\n<p><a href=\"https:\/\/congressiconvegni.it\/wp-content\/uploads\/2022\/09\/7-aaiito-programma-def.pdf\">SCARICA IL PROGRAMMA IN PDF<\/a><\/p>","protected":false},"author":2,"featured_media":9396,"menu_order":0,"comment_status":"open","ping_status":"closed","template":"","meta":{"jetpack_post_was_ever_published":false},"tags":[],"event_type":[336,285],"event_type_2":[],"class_list":["post-9382","ajde_events","type-ajde_events","status-publish","has-post-thumbnail","hentry","event_location-hotel-calissano","event_organizer-double-em","event_type-congresso","event_type-convegno-ecm"],"jetpack_sharing_enabled":true,"_links":{"self":[{"href":"https:\/\/congressiconvegni.it\/en\/wp-json\/wp\/v2\/ajde_events\/9382","targetHints":{"allow":["GET"]}}],"collection":[{"href":"https:\/\/congressiconvegni.it\/en\/wp-json\/wp\/v2\/ajde_events"}],"about":[{"href":"https:\/\/congressiconvegni.it\/en\/wp-json\/wp\/v2\/types\/ajde_events"}],"author":[{"embeddable":true,"href":"https:\/\/congressiconvegni.it\/en\/wp-json\/wp\/v2\/users\/2"}],"replies":[{"embeddable":true,"href":"https:\/\/congressiconvegni.it\/en\/wp-json\/wp\/v2\/comments?post=9382"}],"wp:featuredmedia":[{"embeddable":true,"href":"https:\/\/congressiconvegni.it\/en\/wp-json\/wp\/v2\/media\/9396"}],"wp:attachment":[{"href":"https:\/\/congressiconvegni.it\/en\/wp-json\/wp\/v2\/media?parent=9382"}],"wp:term":[{"taxonomy":"post_tag","embeddable":true,"href":"https:\/\/congressiconvegni.it\/en\/wp-json\/wp\/v2\/tags?post=9382"},{"taxonomy":"event_type","embeddable":true,"href":"https:\/\/congressiconvegni.it\/en\/wp-json\/wp\/v2\/event_type?post=9382"},{"taxonomy":"event_type_2","embeddable":true,"href":"https:\/\/congressiconvegni.it\/en\/wp-json\/wp\/v2\/event_type_2?post=9382"}],"curies":[{"name":"wp","href":"https:\/\/api.w.org\/{rel}","templated":true}]}}

<p>Il Congresso Interregionale di Allergologia è ormai diventato una consuetudine per chi affronta quotidianamente, come Specialista, MMG o PLS, le sempre più frequenti patologie immunoallergologiche, che meritano di essere sempre di più indagate, valutate e adeguatamente trattate.</p>



<p>L’ Allergologo, come specialista di sistema e non di organo, ha una visione generale del Paziente e lo segue spesso dall’età pediatrica a quella adulta. I molteplici aspetti delle malattie allergiche, come la rinite allergica e l’orticaria cronica spontanea, la poliposi nasale e i vari fenotipi di asma coinvolgono via via altri specialisti, il pediatra, il medico di medicina generale; l’allergologo può fungere da raccordo, e grazie alle sue competenze specifiche, impostare nel momento giusto le terapie più adeguate e personalizzate.</p>



<p>E’ importante esaminare assieme come i cambiamenti climatici possano influire sull’evoluzione delle allergie respiratorie, come sospettare, riconoscere e trattare rinite ed asma, verificarne l’evoluzione e garantire un corretto monitoraggio nel tempo.</p>



<p>L’utilizzo di molecole farmacologiche sempre nuove e specifiche per varie patologie genera fenomeni di interferenza tra farmaci che si esprimono anche con manifestazioni di tipo allergico che necessitano di approfondimenti diagnostici complessi.</p>



<p>L’esperienza della campagna vaccinale per contenere la pandemia da Sars Cov 2 ha messo in rilievo le conoscenze specifiche allergologiche su allergia a farmaci e sull’uso dei vaccini, permettendo un lavoro di squadra con i Colleghi favorendo la somministrazione di questa indispensabile terapia in sicurezza. QUINDI Avere un approccio univoco al problema allergia farmacologica è importante ed è opportuno disporre di un linguaggio comune e di un rapporto di collaborazione stretta tra Specialista e Medico Curante.</p>



<p>L’obiettivo del Congresso è di continuare la sensibilizzazione di tutti i sanitari verso queste patologie approfondendo man mano gli aspetti che necessitano di una riflessione e di un aggiornamento alla luce dell’evoluzione delle conoscenze specifiche.</p>



<p><a href="https://congressiconvegni.it/wp-content/uploads/2022/09/7-aaiito-programma-def.pdf">SCARICA IL PROGRAMMA IN PDF</a></p>
